{"id":1670,"date":"2021-06-26T21:20:22","date_gmt":"2021-06-26T19:20:22","guid":{"rendered":"https:\/\/www.bhakademiker.org\/?page_id=1670"},"modified":"2021-06-26T21:20:22","modified_gmt":"2021-06-26T19:20:22","slug":"bosnierinnen-als-minderheit","status":"publish","type":"page","link":"https:\/\/www.bhakademiker.org\/bs\/bosnierinnen-als-minderheit\/","title":{"rendered":"Bosanci kao manjina"},"content":{"rendered":"<div class=\"vc_row wpb_row row\"><div class=\"wpb_column vc_column_container vc_col-sm-12\"><div class=\"vc_column-inner\"><div class=\"wpb_wrapper\"><h3 class=\"no-margin-top\" >Bosanci kao manjina<\/h3>\n\t<div class=\"wpb_text_column wpb_content_element\" >\n\t\t<div class=\"wpb_wrapper\">\n\t\t\t<p>Wir \u00d6sterreicherInnen mit bosnischer Herkunft glauben, dass die Zeit bald reif sein wird f\u00fcr die Anerkennung der BosnierInnen als Volksgruppe in \u00d6sterreich.<\/p>\n<p>Als Minderheit anerkannt zu sein bedeutet vor allem, eine Best\u00e4tigung zu erhalten f\u00fcr den au\u00dferordentlichen Beitrag zur historischen, kulturellen und politischen Entwicklung des Landes und der Gesellschaft.<\/p>\n<p>Viele Gr\u00fcnde sprechen f\u00fcr eine Anerkennung, einige m\u00f6chten wir hervorheben:<\/p>\n<p>&nbsp;<\/p>\n<h2><strong>Historischer Grund<\/strong><\/h2>\n<p>Bosnien und Herzegowina ist das einzige Land, welches zur Habsburger Monarchie geh\u00f6rte und dessen MigrantInnengruppe bislang aber nicht als Minderheit in \u00d6sterreich anerkannt ist.<\/p>\n<p>Die Bosnier waren treue B\u00fcrger\u00a0 \u00a0und treue Verteidiger des damals gemeinsamen Heimatslandes: Das zweite bosnische Regiment war das meistausgezeichnete Regimentder k.u.k Armee \u00fcberhaupt.<br \/>\n<em><strong>Wir \u00d6sterreicher haben guten Grund, uns der S\u00f6hne Bosniens und der Herzegowina dauernd und dankbar zu erinnern.<\/strong><\/em><br \/>\n<sub>Dr. Adolf Sch\u00e4rf, Bundespr\u00e4sident von 1957 \u2013 1965, diente in bosnischer Regiment Nr. 2 von M\u00e4rz bis Oktober 1915.<\/sub><br \/>\nDer Bosniakenfriedhof in Lebring (Soldatenfriedhof mit 805 Bosniern) ist ein untrennbarer Teil der gemeinsamen Geschichte \u00d6sterreichs und Bosniens und auch ein Beweis f\u00fcr die neuen Alt\u00f6sterreicherInnen, dass bosnisches Blut schon seit mehr als einem Jahrhundert mit \u00f6sterreichischem Boden verbunden ist.<\/p>\n<p>&nbsp;<\/p>\n<h2><strong>Gesellschaftspolitischer Grund<\/strong><\/h2>\n<p>\u00d6sterreicherInnen mit bosnischen Wurzeln tragen viel zur Entwicklung \u00d6sterreichs bei.Die Statistik Austria\u00a0 best\u00e4tigt, dass die BosnierInnen eine der am\u00a0 besten integrierten Ausl\u00e4ndergruppen in \u00d6sterreich darstellen.<\/p>\n<p>Ihre Erwerbsquoten \u00e4hneln denen der \u00d6sterreicherInnen. Dass die BosnierInnen am Arbeitsmarkt gut abschneiden, liegt gro\u00dfteils an den Frauen -sie arbeiten viel h\u00e4ufiger als andere Migrantinnen. BosnierInnen legen sehr hohen Wert auf die Ausbildung ihrer Kinder und liegen beim Abschluss von h\u00f6heren Schulen und Universit\u00e4ten \u00fcber dem Durchschnitt.<\/p>\n<p>Mehr als 200.000 in \u00d6sterreich lebende B\u00fcrgerInnen mit bosnischer Herkunft m\u00f6chten sich weiterhin in \u00d6sterreich sicher f\u00fchlen und keiner Stigmatisierung ausgesetzt sein.<\/p>\n<p>&nbsp;<\/p>\n<h2><strong>Bewahrung des Volkstums<\/strong><\/h2>\n<p>Wie im Volksgruppengesetz erw\u00e4hnt, sind auch die BosnierInnen eine hier beheimatete Gruppe \u00f6sterreichischer\u00a0 Staatsb\u00fcrgerInnen\u00a0 mit nichtdeutscher Muttersprache und eigenem Volkstum.<\/p>\n<p>Als B\u00fcrgerInnen dieses Staates besitzen\u00a0 \u00a0wir ethnische, religi\u00f6se und sprachliche Eigenheiten: Unsere Kultur, Tradition und Sprache unterscheiden sich von\u00a0 \u00a0jenen der \u00fcbrigen Bev\u00f6lkerung.<\/p>\n<p>Unsere Sprache und unser Volkstum m\u00f6chten wir bewahren und sch\u00fctzen, denn nur so werden wir noch mehr zur Entwicklung \u00d6sterreichs beitragen k\u00f6nnen.<\/p>\n<p>&nbsp;<\/p>\n<p><strong>Siradj Duhan<\/strong><\/p>\n\n\t\t<\/div>\n\t<\/div>\n<\/div><\/div><\/div><\/div>","protected":false},"excerpt":{"rendered":"BosnierInnen als Minderheit Wir \u00d6sterreicherInnen mit bosnischer Herkunft glauben, dass die Zeit bald reif sein wird f\u00fcr die Anerkennung der BosnierInnen als Volksgruppe in \u00d6sterreich. Als Minderheit anerkannt zu sein bedeutet vor allem, eine Best\u00e4tigung zu erhalten f\u00fcr den au\u00dferordentlichen Beitrag zur historischen, kulturellen und politischen Entwicklung des Landes und der Gesellschaft. Viele Gr\u00fcnde sprechen f\u00fcr eine Anerkennung, einige m\u00f6chten wir hervorheben: &nbsp; Historischer Grund Bosnien und Herzegowina ist das einzige Land, welches zur Habsburger Monarchie geh\u00f6rte und dessen MigrantInnengruppe bislang aber nicht als Minderheit in \u00d6sterreich anerkannt ist. Die Bosnier waren treue B\u00fcrger\u00a0 \u00a0und treue Verteidiger des damals gemeinsamen...","protected":false},"author":1,"featured_media":0,"parent":0,"menu_order":0,"comment_status":"closed","ping_status":"closed","template":"","meta":{"footnotes":""},"class_list":["post-1670","page","type-page","status-publish","hentry"],"yoast_head":"<!-- This site is optimized with the Yoast SEO plugin v20.3 - https:\/\/yoast.com\/wordpress\/plugins\/seo\/ -->\n<title>BosnierInnen als Minderheit - Gesellschaft Bosnischer Akademiker<\/title>\n<meta name=\"robots\" content=\"index, follow, max-snippet:-1, max-image-preview:large, max-video-preview:-1\" \/>\n<link rel=\"canonical\" href=\"https:\/\/www.bhakademiker.org\/bs\/bosnierinnen-als-minderheit\/\" \/>\n<meta property=\"og:locale\" content=\"bs_BA\" \/>\n<meta property=\"og:type\" content=\"article\" \/>\n<meta property=\"og:title\" content=\"BosnierInnen als Minderheit - Gesellschaft Bosnischer Akademiker\" \/>\n<meta property=\"og:url\" content=\"https:\/\/www.bhakademiker.org\/bs\/bosnierinnen-als-minderheit\/\" \/>\n<meta property=\"og:site_name\" content=\"Gesellschaft Bosnischer Akademiker\" \/>\n<meta property=\"og:image\" content=\"https:\/\/www.bhakademiker.org\/wp-content\/uploads\/2022\/01\/featured-GBAA.png\" \/>\n\t<meta property=\"og:image:width\" content=\"1200\" \/>\n\t<meta property=\"og:image:height\" content=\"630\" \/>\n\t<meta property=\"og:image:type\" content=\"image\/png\" \/>\n<meta name=\"twitter:card\" content=\"summary_large_image\" \/>\n<meta name=\"twitter:label1\" content=\"Est. reading time\" \/>\n\t<meta name=\"twitter:data1\" content=\"2 minute\" \/>\n<script type=\"application\/ld+json\" class=\"yoast-schema-graph\">{\"@context\":\"https:\/\/schema.org\",\"@graph\":[{\"@type\":\"WebPage\",\"@id\":\"https:\/\/www.bhakademiker.org\/de\/bosnierinnen-als-minderheit\/\",\"url\":\"https:\/\/www.bhakademiker.org\/de\/bosnierinnen-als-minderheit\/\",\"name\":\"BosnierInnen als Minderheit - Gesellschaft Bosnischer Akademiker\",\"isPartOf\":{\"@id\":\"https:\/\/www.bhakademiker.org\/bs\/#website\"},\"datePublished\":\"2021-06-26T19:20:22+00:00\",\"dateModified\":\"2021-06-26T19:20:22+00:00\",\"breadcrumb\":{\"@id\":\"https:\/\/www.bhakademiker.org\/de\/bosnierinnen-als-minderheit\/#breadcrumb\"},\"inLanguage\":\"bs-BA\",\"potentialAction\":[{\"@type\":\"ReadAction\",\"target\":[\"https:\/\/www.bhakademiker.org\/de\/bosnierinnen-als-minderheit\/\"]}]},{\"@type\":\"BreadcrumbList\",\"@id\":\"https:\/\/www.bhakademiker.org\/de\/bosnierinnen-als-minderheit\/#breadcrumb\",\"itemListElement\":[{\"@type\":\"ListItem\",\"position\":1,\"name\":\"Home\",\"item\":\"https:\/\/www.bhakademiker.org\/\"},{\"@type\":\"ListItem\",\"position\":2,\"name\":\"BosnierInnen als Minderheit\"}]},{\"@type\":\"WebSite\",\"@id\":\"https:\/\/www.bhakademiker.org\/bs\/#website\",\"url\":\"https:\/\/www.bhakademiker.org\/bs\/\",\"name\":\"Gesellschaft Bosnischer Akademiker\",\"description\":\"\",\"publisher\":{\"@id\":\"https:\/\/www.bhakademiker.org\/bs\/#organization\"},\"potentialAction\":[{\"@type\":\"SearchAction\",\"target\":{\"@type\":\"EntryPoint\",\"urlTemplate\":\"https:\/\/www.bhakademiker.org\/bs\/?s={search_term_string}\"},\"query-input\":\"required name=search_term_string\"}],\"inLanguage\":\"bs-BA\"},{\"@type\":\"Organization\",\"@id\":\"https:\/\/www.bhakademiker.org\/bs\/#organization\",\"name\":\"Gesellschaft Bosnischer Akademiker in \u00d6sterreich\",\"url\":\"https:\/\/www.bhakademiker.org\/bs\/\",\"logo\":{\"@type\":\"ImageObject\",\"inLanguage\":\"bs-BA\",\"@id\":\"https:\/\/www.bhakademiker.org\/bs\/#\/schema\/logo\/image\/\",\"url\":\"https:\/\/www.bhakademiker.org\/wp-content\/uploads\/2022\/01\/featured-GBAA.png\",\"contentUrl\":\"https:\/\/www.bhakademiker.org\/wp-content\/uploads\/2022\/01\/featured-GBAA.png\",\"width\":1200,\"height\":630,\"caption\":\"Gesellschaft Bosnischer Akademiker in \u00d6sterreich\"},\"image\":{\"@id\":\"https:\/\/www.bhakademiker.org\/bs\/#\/schema\/logo\/image\/\"}}]}<\/script>\n<!-- \/ Yoast SEO plugin. -->","yoast_head_json":{"title":"BosnierInnen als Minderheit - Gesellschaft Bosnischer Akademiker","robots":{"index":"index","follow":"follow","max-snippet":"max-snippet:-1","max-image-preview":"max-image-preview:large","max-video-preview":"max-video-preview:-1"},"canonical":"https:\/\/www.bhakademiker.org\/bs\/bosnierinnen-als-minderheit\/","og_locale":"bs_BA","og_type":"article","og_title":"BosnierInnen als Minderheit - Gesellschaft Bosnischer Akademiker","og_url":"https:\/\/www.bhakademiker.org\/bs\/bosnierinnen-als-minderheit\/","og_site_name":"Gesellschaft Bosnischer Akademiker","og_image":[{"width":1200,"height":630,"url":"https:\/\/www.bhakademiker.org\/wp-content\/uploads\/2022\/01\/featured-GBAA.png","type":"image\/png"}],"twitter_card":"summary_large_image","twitter_misc":{"Est. reading time":"2 minute"},"schema":{"@context":"https:\/\/schema.org","@graph":[{"@type":"WebPage","@id":"https:\/\/www.bhakademiker.org\/de\/bosnierinnen-als-minderheit\/","url":"https:\/\/www.bhakademiker.org\/de\/bosnierinnen-als-minderheit\/","name":"BosnierInnen als Minderheit - Gesellschaft Bosnischer Akademiker","isPartOf":{"@id":"https:\/\/www.bhakademiker.org\/bs\/#website"},"datePublished":"2021-06-26T19:20:22+00:00","dateModified":"2021-06-26T19:20:22+00:00","breadcrumb":{"@id":"https:\/\/www.bhakademiker.org\/de\/bosnierinnen-als-minderheit\/#breadcrumb"},"inLanguage":"bs-BA","potentialAction":[{"@type":"ReadAction","target":["https:\/\/www.bhakademiker.org\/de\/bosnierinnen-als-minderheit\/"]}]},{"@type":"BreadcrumbList","@id":"https:\/\/www.bhakademiker.org\/de\/bosnierinnen-als-minderheit\/#breadcrumb","itemListElement":[{"@type":"ListItem","position":1,"name":"Home","item":"https:\/\/www.bhakademiker.org\/"},{"@type":"ListItem","position":2,"name":"BosnierInnen als Minderheit"}]},{"@type":"WebSite","@id":"https:\/\/www.bhakademiker.org\/bs\/#website","url":"https:\/\/www.bhakademiker.org\/bs\/","name":"Gesellschaft Bosnischer Akademiker","description":"","publisher":{"@id":"https:\/\/www.bhakademiker.org\/bs\/#organization"},"potentialAction":[{"@type":"SearchAction","target":{"@type":"EntryPoint","urlTemplate":"https:\/\/www.bhakademiker.org\/bs\/?s={search_term_string}"},"query-input":"required name=search_term_string"}],"inLanguage":"bs-BA"},{"@type":"Organization","@id":"https:\/\/www.bhakademiker.org\/bs\/#organization","name":"Gesellschaft Bosnischer Akademiker in \u00d6sterreich","url":"https:\/\/www.bhakademiker.org\/bs\/","logo":{"@type":"ImageObject","inLanguage":"bs-BA","@id":"https:\/\/www.bhakademiker.org\/bs\/#\/schema\/logo\/image\/","url":"https:\/\/www.bhakademiker.org\/wp-content\/uploads\/2022\/01\/featured-GBAA.png","contentUrl":"https:\/\/www.bhakademiker.org\/wp-content\/uploads\/2022\/01\/featured-GBAA.png","width":1200,"height":630,"caption":"Gesellschaft Bosnischer Akademiker in \u00d6sterreich"},"image":{"@id":"https:\/\/www.bhakademiker.org\/bs\/#\/schema\/logo\/image\/"}}]}},"_links":{"self":[{"href":"https:\/\/www.bhakademiker.org\/bs\/wp-json\/wp\/v2\/pages\/1670","targetHints":{"allow":["GET"]}}],"collection":[{"href":"https:\/\/www.bhakademiker.org\/bs\/wp-json\/wp\/v2\/pages"}],"about":[{"href":"https:\/\/www.bhakademiker.org\/bs\/wp-json\/wp\/v2\/types\/page"}],"author":[{"embeddable":true,"href":"https:\/\/www.bhakademiker.org\/bs\/wp-json\/wp\/v2\/users\/1"}],"replies":[{"embeddable":true,"href":"https:\/\/www.bhakademiker.org\/bs\/wp-json\/wp\/v2\/comments?post=1670"}],"version-history":[{"count":1,"href":"https:\/\/www.bhakademiker.org\/bs\/wp-json\/wp\/v2\/pages\/1670\/revisions"}],"predecessor-version":[{"id":1671,"href":"https:\/\/www.bhakademiker.org\/bs\/wp-json\/wp\/v2\/pages\/1670\/revisions\/1671"}],"wp:attachment":[{"href":"https:\/\/www.bhakademiker.org\/bs\/wp-json\/wp\/v2\/media?parent=1670"}],"curies":[{"name":"wp","href":"https:\/\/api.w.org\/{rel}","templated":true}]}}

<div class="vc_row wpb_row row"><div class="wpb_column vc_column_container vc_col-sm-12"><div class="vc_column-inner"><div class="wpb_wrapper"><h3 class="no-margin-top" >Bosanci kao manjina</h3>
	<div class="wpb_text_column wpb_content_element" >
		<div class="wpb_wrapper">
			<p>Wir ÖsterreicherInnen mit bosnischer Herkunft glauben, dass die Zeit bald reif sein wird für die Anerkennung der BosnierInnen als Volksgruppe in Österreich.</p>
<p>Als Minderheit anerkannt zu sein bedeutet vor allem, eine Bestätigung zu erhalten für den außerordentlichen Beitrag zur historischen, kulturellen und politischen Entwicklung des Landes und der Gesellschaft.</p>
<p>Viele Gründe sprechen für eine Anerkennung, einige möchten wir hervorheben:</p>
<p>&nbsp;</p>
<h2><strong>Historischer Grund</strong></h2>
<p>Bosnien und Herzegowina ist das einzige Land, welches zur Habsburger Monarchie gehörte und dessen MigrantInnengruppe bislang aber nicht als Minderheit in Österreich anerkannt ist.</p>
<p>Die Bosnier waren treue Bürger   und treue Verteidiger des damals gemeinsamen Heimatslandes: Das zweite bosnische Regiment war das meistausgezeichnete Regimentder k.u.k Armee überhaupt.<br />
<em><strong>Wir Österreicher haben guten Grund, uns der Söhne Bosniens und der Herzegowina dauernd und dankbar zu erinnern.</strong></em><br />
<sub>Dr. Adolf Schärf, Bundespräsident von 1957 – 1965, diente in bosnischer Regiment Nr. 2 von März bis Oktober 1915.</sub><br />
Der Bosniakenfriedhof in Lebring (Soldatenfriedhof mit 805 Bosniern) ist ein untrennbarer Teil der gemeinsamen Geschichte Österreichs und Bosniens und auch ein Beweis für die neuen AltösterreicherInnen, dass bosnisches Blut schon seit mehr als einem Jahrhundert mit österreichischem Boden verbunden ist.</p>
<p>&nbsp;</p>
<h2><strong>Gesellschaftspolitischer Grund</strong></h2>
<p>ÖsterreicherInnen mit bosnischen Wurzeln tragen viel zur Entwicklung Österreichs bei.Die Statistik Austria  bestätigt, dass die BosnierInnen eine der am  besten integrierten Ausländergruppen in Österreich darstellen.</p>
<p>Ihre Erwerbsquoten ähneln denen der ÖsterreicherInnen. Dass die BosnierInnen am Arbeitsmarkt gut abschneiden, liegt großteils an den Frauen -sie arbeiten viel häufiger als andere Migrantinnen. BosnierInnen legen sehr hohen Wert auf die Ausbildung ihrer Kinder und liegen beim Abschluss von höheren Schulen und Universitäten über dem Durchschnitt.</p>
<p>Mehr als 200.000 in Österreich lebende BürgerInnen mit bosnischer Herkunft möchten sich weiterhin in Österreich sicher fühlen und keiner Stigmatisierung ausgesetzt sein.</p>
<p>&nbsp;</p>
<h2><strong>Bewahrung des Volkstums</strong></h2>
<p>Wie im Volksgruppengesetz erwähnt, sind auch die BosnierInnen eine hier beheimatete Gruppe österreichischer  StaatsbürgerInnen  mit nichtdeutscher Muttersprache und eigenem Volkstum.</p>
<p>Als BürgerInnen dieses Staates besitzen   wir ethnische, religiöse und sprachliche Eigenheiten: Unsere Kultur, Tradition und Sprache unterscheiden sich von   jenen der übrigen Bevölkerung.</p>
<p>Unsere Sprache und unser Volkstum möchten wir bewahren und schützen, denn nur so werden wir noch mehr zur Entwicklung Österreichs beitragen können.</p>
<p>&nbsp;</p>
<p><strong>Siradj Duhan</strong></p>

		</div>
	</div>
</div></div></div></div>

BosnierInnen als Minderheit Wir ÖsterreicherInnen mit bosnischer Herkunft glauben, dass die Zeit bald reif sein wird für die Anerkennung der BosnierInnen als Volksgruppe in Österreich. Als Minderheit anerkannt zu sein bedeutet vor allem, eine Bestätigung zu erhalten für den außerordentlichen Beitrag zur historischen, kulturellen und politischen Entwicklung des Landes und der Gesellschaft. Viele Gründe sprechen für eine Anerkennung, einige möchten wir hervorheben: &nbsp; Historischer Grund Bosnien und Herzegowina ist das einzige Land, welches zur Habsburger Monarchie gehörte und dessen MigrantInnengruppe bislang aber nicht als Minderheit in Österreich anerkannt ist. Die Bosnier waren treue Bürger   und treue Verteidiger des damals gemeinsamen...

<!-- This site is optimized with the Yoast SEO plugin v20.3 - https://yoast.com/wordpress/plugins/seo/ -->
<title>BosnierInnen als Minderheit - Gesellschaft Bosnischer Akademiker</title>
<meta name="robots" content="index, follow, max-snippet:-1, max-image-preview:large, max-video-preview:-1" />
<link rel="canonical" href="https://www.bhakademiker.org/bs/bosnierinnen-als-minderheit/" />
<meta property="og:locale" content="bs_BA" />
<meta property="og:type" content="article" />
<meta property="og:title" content="BosnierInnen als Minderheit - Gesellschaft Bosnischer Akademiker" />
<meta property="og:url" content="https://www.bhakademiker.org/bs/bosnierinnen-als-minderheit/" />
<meta property="og:site_name" content="Gesellschaft Bosnischer Akademiker" />
<meta property="og:image" content="https://www.bhakademiker.org/wp-content/uploads/2022/01/featured-GBAA.png" />
	<meta property="og:image:width" content="1200" />
	<meta property="og:image:height" content="630" />
	<meta property="og:image:type" content="image/png" />
<meta name="twitter:card" content="summary_large_image" />
<meta name="twitter:label1" content="Est. reading time" />
	<meta name="twitter:data1" content="2 minute" />
<script type="application/ld+json" class="yoast-schema-graph">{"@context":"https://schema.org","@graph":[{"@type":"WebPage","@id":"https://www.bhakademiker.org/de/bosnierinnen-als-minderheit/","url":"https://www.bhakademiker.org/de/bosnierinnen-als-minderheit/","name":"BosnierInnen als Minderheit - Gesellschaft Bosnischer Akademiker","isPartOf":{"@id":"https://www.bhakademiker.org/bs/#website"},"datePublished":"2021-06-26T19:20:22+00:00","dateModified":"2021-06-26T19:20:22+00:00","breadcrumb":{"@id":"https://www.bhakademiker.org/de/bosnierinnen-als-minderheit/#breadcrumb"},"inLanguage":"bs-BA","potentialAction":[{"@type":"ReadAction","target":["https://www.bhakademiker.org/de/bosnierinnen-als-minderheit/"]}]},{"@type":"BreadcrumbList","@id":"https://www.bhakademiker.org/de/bosnierinnen-als-minderheit/#breadcrumb","itemListElement":[{"@type":"ListItem","position":1,"name":"Home","item":"https://www.bhakademiker.org/"},{"@type":"ListItem","position":2,"name":"BosnierInnen als Minderheit"}]},{"@type":"WebSite","@id":"https://www.bhakademiker.org/bs/#website","url":"https://www.bhakademiker.org/bs/","name":"Gesellschaft Bosnischer Akademiker","description":"","publisher":{"@id":"https://www.bhakademiker.org/bs/#organization"},"potentialAction":[{"@type":"SearchAction","target":{"@type":"EntryPoint","urlTemplate":"https://www.bhakademiker.org/bs/?s={search_term_string}"},"query-input":"required name=search_term_string"}],"inLanguage":"bs-BA"},{"@type":"Organization","@id":"https://www.bhakademiker.org/bs/#organization","name":"Gesellschaft Bosnischer Akademiker in Österreich","url":"https://www.bhakademiker.org/bs/","logo":{"@type":"ImageObject","inLanguage":"bs-BA","@id":"https://www.bhakademiker.org/bs/#/schema/logo/image/","url":"https://www.bhakademiker.org/wp-content/uploads/2022/01/featured-GBAA.png","contentUrl":"https://www.bhakademiker.org/wp-content/uploads/2022/01/featured-GBAA.png","width":1200,"height":630,"caption":"Gesellschaft Bosnischer Akademiker in Österreich"},"image":{"@id":"https://www.bhakademiker.org/bs/#/schema/logo/image/"}}]}</script>
<!-- / Yoast SEO plugin. -->

Gesellschaft Bosnischer Akademiker in Österreich
