{"version":"1.0","provider_name":"Gesellschaft Bosnischer Akademiker","provider_url":"https:\/\/www.bhakademiker.org\/de","author_name":"BanKulin","author_url":"https:\/\/www.bhakademiker.org\/de\/author\/bankulin\/","title":"Bosnien und Herzegowina in der EU - Gesellschaft Bosnischer Akademiker","type":"rich","width":600,"height":338,"html":"<blockquote class=\"wp-embedded-content\" data-secret=\"Vqq8T0hwTU\"><a href=\"https:\/\/www.bhakademiker.org\/de\/2026\/03\/06\/bosnien-und-herzegowina-in-der-eu\/\">Bosnien und Herzegowina in der EU<\/a><\/blockquote><iframe sandbox=\"allow-scripts\" security=\"restricted\" src=\"https:\/\/www.bhakademiker.org\/de\/2026\/03\/06\/bosnien-und-herzegowina-in-der-eu\/embed\/#?secret=Vqq8T0hwTU\" width=\"600\" height=\"338\" title=\"&#8222;Bosnien und Herzegowina in der EU&#8220; &#8211; Gesellschaft Bosnischer Akademiker\" data-secret=\"Vqq8T0hwTU\" frameborder=\"0\" marginwidth=\"0\" marginheight=\"0\" scrolling=\"no\" class=\"wp-embedded-content\"><\/iframe><script type=\"text\/javascript\">\n\/* <![CDATA[ *\/\n\/*! This file is auto-generated *\/\n!function(d,l){\"use strict\";l.querySelector&&d.addEventListener&&\"undefined\"!=typeof URL&&(d.wp=d.wp||{},d.wp.receiveEmbedMessage||(d.wp.receiveEmbedMessage=function(e){var t=e.data;if((t||t.secret||t.message||t.value)&&!\/[^a-zA-Z0-9]\/.test(t.secret)){for(var s,r,n,a=l.querySelectorAll('iframe[data-secret=\"'+t.secret+'\"]'),o=l.querySelectorAll('blockquote[data-secret=\"'+t.secret+'\"]'),c=new RegExp(\"^https?:$\",\"i\"),i=0;i<o.length;i++)o[i].style.display=\"none\";for(i=0;i<a.length;i++)s=a[i],e.source===s.contentWindow&&(s.removeAttribute(\"style\"),\"height\"===t.message?(1e3<(r=parseInt(t.value,10))?r=1e3:~~r<200&&(r=200),s.height=r):\"link\"===t.message&&(r=new URL(s.getAttribute(\"src\")),n=new URL(t.value),c.test(n.protocol))&&n.host===r.host&&l.activeElement===s&&(d.top.location.href=t.value))}},d.addEventListener(\"message\",d.wp.receiveEmbedMessage,!1),l.addEventListener(\"DOMContentLoaded\",function(){for(var e,t,s=l.querySelectorAll(\"iframe.wp-embedded-content\"),r=0;r<s.length;r++)(t=(e=s[r]).getAttribute(\"data-secret\"))||(t=Math.random().toString(36).substring(2,12),e.src+=\"#?secret=\"+t,e.setAttribute(\"data-secret\",t)),e.contentWindow.postMessage({message:\"ready\",secret:t},\"*\")},!1)))}(window,document);\n\/\/# sourceURL=https:\/\/www.bhakademiker.org\/wp-includes\/js\/wp-embed.min.js\n\/* ]]> *\/\n<\/script>\n","thumbnail_url":"https:\/\/www.bhakademiker.org\/wp-content\/uploads\/2026\/03\/Plakat-web.jpg","thumbnail_width":720,"thumbnail_height":405,"description":"Wien, 27. Februar \u2013 Anl\u00e4sslich des 1. M\u00e4rz, des Unabh\u00e4ngigkeitstages von Bosnien und Herzegowina, fand im \u00f6sterreichischen Parlament eine Konferenz unter dem Titel \u201eBosnien und Herzegowina in der EU\u201c statt. Die Veranstaltung wurde von der Gesellschaft Bosnischer Akademiker in \u00d6sterreich und der \u00d6sterreichisch-Bosnisch-Herzegowinischen Gesellschaft organisiert, mit Unterst\u00fctzung des \u00f6sterreichischen Parlaments. Auf der Konferenz sprachen zahlreiche hochrangige G\u00e4ste. Seitens \u00d6sterreichs wandten sich Beate Meinl-Reisinger, die \u00f6sterreichische Au\u00dfenministerin, Helmut Brandst\u00e4tter, Mitglied des Europ\u00e4ischen Parlaments, sowie Andreas Minnich, Mitglied des \u00f6sterreichischen Nationalrats, an die Teilnehmer. F\u00fcr Bosnien und Herzegowina sprachen Elmedin Konakovi\u0107, Au\u00dfenminister von Bosnien und Herzegowina, sowie Danka Savi\u0107, Botschafterin von Bosnien..."}

Wien, 27. Februar – Anlässlich des 1. März, des Unabhängigkeitstages von Bosnien und Herzegowina, fand im österreichischen Parlament eine Konferenz unter dem Titel „Bosnien und Herzegowina in der EU“ statt. Die Veranstaltung wurde von der Gesellschaft Bosnischer Akademiker in Österreich und der Österreichisch-Bosnisch-Herzegowinischen Gesellschaft organisiert, mit Unterstützung des österreichischen Parlaments. Auf der Konferenz sprachen zahlreiche hochrangige Gäste. Seitens Österreichs wandten sich Beate Meinl-Reisinger, die österreichische Außenministerin, Helmut Brandstätter, Mitglied des Europäischen Parlaments, sowie Andreas Minnich, Mitglied des österreichischen Nationalrats, an die Teilnehmer. Für Bosnien und Herzegowina sprachen Elmedin Konaković, Außenminister von Bosnien und Herzegowina, sowie Danka Savić, Botschafterin von Bosnien...
