{"version":"1.0","provider_name":"Gesellschaft Bosnischer Akademiker","provider_url":"https:\/\/www.bhakademiker.org\/de","author_name":"BanKulin","author_url":"https:\/\/www.bhakademiker.org\/de\/author\/bankulin\/","title":"831. Geburtstag - Gesellschaft Bosnischer Akademiker","type":"rich","width":600,"height":338,"html":"<blockquote class=\"wp-embedded-content\" data-secret=\"iCCYbTB7Bi\"><a href=\"https:\/\/www.bhakademiker.org\/de\/831-geburtstag\/\">831. Geburtstag<\/a><\/blockquote><iframe sandbox=\"allow-scripts\" security=\"restricted\" src=\"https:\/\/www.bhakademiker.org\/de\/831-geburtstag\/embed\/#?secret=iCCYbTB7Bi\" width=\"600\" height=\"338\" title=\"&#8222;831. Geburtstag&#8220; &#8211; Gesellschaft Bosnischer Akademiker\" data-secret=\"iCCYbTB7Bi\" frameborder=\"0\" marginwidth=\"0\" marginheight=\"0\" scrolling=\"no\" class=\"wp-embedded-content\"><\/iframe><script type=\"text\/javascript\">\n\/* <![CDATA[ *\/\n\/*! This file is auto-generated *\/\n!function(d,l){\"use strict\";l.querySelector&&d.addEventListener&&\"undefined\"!=typeof URL&&(d.wp=d.wp||{},d.wp.receiveEmbedMessage||(d.wp.receiveEmbedMessage=function(e){var t=e.data;if((t||t.secret||t.message||t.value)&&!\/[^a-zA-Z0-9]\/.test(t.secret)){for(var s,r,n,a=l.querySelectorAll('iframe[data-secret=\"'+t.secret+'\"]'),o=l.querySelectorAll('blockquote[data-secret=\"'+t.secret+'\"]'),c=new RegExp(\"^https?:$\",\"i\"),i=0;i<o.length;i++)o[i].style.display=\"none\";for(i=0;i<a.length;i++)s=a[i],e.source===s.contentWindow&&(s.removeAttribute(\"style\"),\"height\"===t.message?(1e3<(r=parseInt(t.value,10))?r=1e3:~~r<200&&(r=200),s.height=r):\"link\"===t.message&&(r=new URL(s.getAttribute(\"src\")),n=new URL(t.value),c.test(n.protocol))&&n.host===r.host&&l.activeElement===s&&(d.top.location.href=t.value))}},d.addEventListener(\"message\",d.wp.receiveEmbedMessage,!1),l.addEventListener(\"DOMContentLoaded\",function(){for(var e,t,s=l.querySelectorAll(\"iframe.wp-embedded-content\"),r=0;r<s.length;r++)(t=(e=s[r]).getAttribute(\"data-secret\"))||(t=Math.random().toString(36).substring(2,12),e.src+=\"#?secret=\"+t,e.setAttribute(\"data-secret\",t)),e.contentWindow.postMessage({message:\"ready\",secret:t},\"*\")},!1)))}(window,document);\n\/\/# sourceURL=https:\/\/www.bhakademiker.org\/wp-includes\/js\/wp-embed.min.js\n\/* ]]> *\/\n<\/script>\n","description":"831. Geburtstag Liebe Bosnienfreunde, das kollektive Ged\u00e4chtnis \u00fcber die Anf\u00e4nge Bosniens sind mit dem Ban Kulin verbunden. Das bezeugt das Sprichwort &#8220;Von Ban Kulin bis zum heutigen Tage&#8221;, das es in verschiedenen Variationen besteht, jedoch jede dieser Variationen bekr\u00e4ftigt die \u00dcberzeugung, dass die Anf\u00e4nge Bosniens auf den Ban Kulin zur\u00fcckzuf\u00fchren sind. Jeder Anfang ist gl\u00fcckselig, erf\u00fcllt, intensiv, so auch dieser, der Bosnien an Ban Kulin bindet, wovon folgende Redewendung zeugt &#8220;Von Ban Kulin und den gl\u00fccklichen Tagen&#8221;. Das ist kein Zufall, denn an Ban Kulin ist auch das erste Dokument gebunden, welches von der Unabh\u00e4ngigkeit und Souver\u00e4nit\u00e4t Bosniens zeugt \u2013...","thumbnail_url":"https:\/\/www.bhakademiker.org\/wp-content\/uploads\/2023\/05\/IMG_2428.jpg"}

831. Geburtstag Liebe Bosnienfreunde, das kollektive Gedächtnis über die Anfänge Bosniens sind mit dem Ban Kulin verbunden. Das bezeugt das Sprichwort &#8220;Von Ban Kulin bis zum heutigen Tage&#8221;, das es in verschiedenen Variationen besteht, jedoch jede dieser Variationen bekräftigt die Überzeugung, dass die Anfänge Bosniens auf den Ban Kulin zurückzuführen sind. Jeder Anfang ist glückselig, erfüllt, intensiv, so auch dieser, der Bosnien an Ban Kulin bindet, wovon folgende Redewendung zeugt &#8220;Von Ban Kulin und den glücklichen Tagen&#8221;. Das ist kein Zufall, denn an Ban Kulin ist auch das erste Dokument gebunden, welches von der Unabhängigkeit und Souveränität Bosniens zeugt –...
