{"id":1497,"date":"2021-06-26T20:19:19","date_gmt":"2021-06-26T18:19:19","guid":{"rendered":"https:\/\/www.bhakademiker.org\/?page_id=1497"},"modified":"2021-06-26T20:20:27","modified_gmt":"2021-06-26T18:20:27","slug":"bosnien-oktober-2016","status":"publish","type":"page","link":"https:\/\/www.bhakademiker.org\/de\/bosnien-oktober-2016\/","title":{"rendered":"Bosnien &#8211; Oktober 2016"},"content":{"rendered":"<div class=\"vc_row wpb_row row\"><div class=\"wpb_column vc_column_container vc_col-sm-12\"><div class=\"vc_column-inner\"><div class=\"wpb_wrapper\"><h3 class=\"no-margin-top \" >Wirschaftsm\u00f6glichkeiten in Bosnien - Oktober 2016<\/h3>\n\t<div class=\"wpb_text_column wpb_content_element \" >\n\t\t<div class=\"wpb_wrapper\">\n\t\t\t<p>Wien, 08.Oktober 2016<\/p>\n<p>Mit der Pr\u00e4sentation eines weiteren Erfolgsbeispiels eines Unternehmens der Diaspora in B&amp;H wurde die von der Gesellschaft Bosnischer Akademiker in \u00d6sterreich ins Leben gerufene Reihe wirtschaftlicher Summits zum Thema \u201eWirtschaftliche M\u00f6glichkeiten in B&amp;H \u2013 Darstellung erfolgreicher Gesch\u00e4ftsf\u00fchrung\u201c weitergef\u00fchrt.<\/p>\n<p>Fadil Cavkic pr\u00e4sentierte die Entstehung und Entwicklung des Unternehmens\u00a0 Kombiflex in \u00d6sterreich und C.J. d.o.o in Bihac.<br \/>\nC.J. d.o.o Bihac ist ein Familienunternehmen das 1984 gegr\u00fcndet wurde. In den Anfangszeiten war die Haupt\u00e4tigkeit der Rundholzzuschnitt, was zun\u00e4chst in einem kleinen S\u00e4gewerk stattfand.<br \/>\nVon 1991 wurde der T\u00e4tigkeitsbereich in die Produktion von Metallkonstruktionen verlagert.<br \/>\n2005 wurden die ersten fertigen Metallgef\u00fcge nach \u00d6sterreich und Slowenien ausgeliefert und das T\u00e4tigkeitsspektrum weitete sich somit auch auf komplexere Konstruktionen wie Wasserkraftturbinen aus.<br \/>\nHeute besch\u00e4ftigt\u00a0 das Unternehmen 140 MitarbeiterInnen.<br \/>\nAllerdings, wie in jedem Unternehmen,\u00a0 gab es auch in diesem schwierigen Zeiten und es lief nicht immer alles glatt.\u00a0 Nicht nur aus diesem Grunde lohnte es sich der Geschichte dieser flei\u00dfigen Menschen zu lauschen. Au\u00dferdem wurden auch die M\u00f6glichkeiten der Zusammenarbeit mit \u00e4hnlichen Unternehmen in \u00d6sterreich und Bosnien besprochen, sowie die Notwendigkeit eines zwischenstaatlichen Abkommens zu den Detachments, welches Bosnien mit Deutschland hat.<\/p>\n\n\t\t<\/div>\n\t<\/div>\n<\/div><\/div><\/div><\/div><div class=\"vc_row wpb_row row\"><div class=\"wpb_column vc_column_container vc_col-sm-12\"><div class=\"vc_column-inner\"><div class=\"wpb_wrapper\">\n<div class=\"vc_grid-container-wrapper vc_clearfix\">\n\t<div class=\"vc_grid-container vc_clearfix wpb_content_element vc_media_grid\" data-initial-loading-animation=\"fadeIn\" data-vc-grid-settings=\"{&quot;page_id&quot;:1497,&quot;style&quot;:&quot;all&quot;,&quot;action&quot;:&quot;vc_get_vc_grid_data&quot;,&quot;shortcode_id&quot;:&quot;1624731561067-88285f3a-a01f-3&quot;,&quot;tag&quot;:&quot;vc_media_grid&quot;}\" data-vc-request=\"https:\/\/www.bhakademiker.org\/wp-admin\/admin-ajax.php\" data-vc-post-id=\"1497\" data-vc-public-nonce=\"07cc6d62b9\">\n\t\t\n\t<\/div>\n<\/div><\/div><\/div><\/div><\/div>\n","protected":false},"excerpt":{"rendered":"Wirschaftsm\u00f6glichkeiten in Bosnien - Oktober 2016 Wien, 08.Oktober 2016 Mit der Pr\u00e4sentation eines weiteren Erfolgsbeispiels eines Unternehmens der Diaspora in B&amp;H wurde die von der Gesellschaft Bosnischer Akademiker in \u00d6sterreich ins Leben gerufene Reihe wirtschaftlicher Summits zum Thema \u201eWirtschaftliche M\u00f6glichkeiten in B&amp;H \u2013 Darstellung erfolgreicher Gesch\u00e4ftsf\u00fchrung\u201c weitergef\u00fchrt. Fadil Cavkic pr\u00e4sentierte die Entstehung und Entwicklung des Unternehmens\u00a0 Kombiflex in \u00d6sterreich und C.J. d.o.o in Bihac. C.J. d.o.o Bihac ist ein Familienunternehmen das 1984 gegr\u00fcndet wurde. In den Anfangszeiten war die Haupt\u00e4tigkeit der Rundholzzuschnitt, was zun\u00e4chst in einem kleinen S\u00e4gewerk stattfand. Von 1991 wurde der T\u00e4tigkeitsbereich in die Produktion von Metallkonstruktionen verlagert....","protected":false},"author":1,"featured_media":0,"parent":0,"menu_order":0,"comment_status":"closed","ping_status":"closed","template":"","meta":{"footnotes":""},"class_list":["post-1497","page","type-page","status-publish","hentry"],"yoast_head":"<!-- This site is optimized with the Yoast SEO plugin v20.3 - https:\/\/yoast.com\/wordpress\/plugins\/seo\/ -->\n<title>Bosnien - Oktober 2016 - Gesellschaft Bosnischer Akademiker<\/title>\n<meta name=\"robots\" content=\"index, follow, max-snippet:-1, max-image-preview:large, max-video-preview:-1\" \/>\n<link rel=\"canonical\" href=\"https:\/\/www.bhakademiker.org\/de\/bosnien-oktober-2016\/\" \/>\n<meta property=\"og:locale\" content=\"de_DE\" \/>\n<meta property=\"og:type\" content=\"article\" \/>\n<meta property=\"og:title\" content=\"Bosnien - Oktober 2016 - Gesellschaft Bosnischer Akademiker\" \/>\n<meta property=\"og:url\" content=\"https:\/\/www.bhakademiker.org\/de\/bosnien-oktober-2016\/\" \/>\n<meta property=\"og:site_name\" content=\"Gesellschaft Bosnischer Akademiker\" \/>\n<meta property=\"article:modified_time\" content=\"2021-06-26T18:20:27+00:00\" \/>\n<meta property=\"og:image\" content=\"https:\/\/www.bhakademiker.org\/wp-content\/uploads\/2022\/01\/featured-GBAA.png\" \/>\n\t<meta property=\"og:image:width\" content=\"1200\" \/>\n\t<meta property=\"og:image:height\" content=\"630\" \/>\n\t<meta property=\"og:image:type\" content=\"image\/png\" \/>\n<meta name=\"twitter:card\" content=\"summary_large_image\" \/>\n<meta name=\"twitter:label1\" content=\"Gesch\u00e4tzte Lesezeit\" \/>\n\t<meta name=\"twitter:data1\" content=\"1\u00a0Minute\" \/>\n<script type=\"application\/ld+json\" class=\"yoast-schema-graph\">{\"@context\":\"https:\/\/schema.org\",\"@graph\":[{\"@type\":\"WebPage\",\"@id\":\"https:\/\/www.bhakademiker.org\/de\/bosnien-oktober-2016\/\",\"url\":\"https:\/\/www.bhakademiker.org\/de\/bosnien-oktober-2016\/\",\"name\":\"Bosnien - Oktober 2016 - Gesellschaft Bosnischer Akademiker\",\"isPartOf\":{\"@id\":\"https:\/\/www.bhakademiker.org\/bs\/#website\"},\"datePublished\":\"2021-06-26T18:19:19+00:00\",\"dateModified\":\"2021-06-26T18:20:27+00:00\",\"breadcrumb\":{\"@id\":\"https:\/\/www.bhakademiker.org\/de\/bosnien-oktober-2016\/#breadcrumb\"},\"inLanguage\":\"de\",\"potentialAction\":[{\"@type\":\"ReadAction\",\"target\":[\"https:\/\/www.bhakademiker.org\/de\/bosnien-oktober-2016\/\"]}]},{\"@type\":\"BreadcrumbList\",\"@id\":\"https:\/\/www.bhakademiker.org\/de\/bosnien-oktober-2016\/#breadcrumb\",\"itemListElement\":[{\"@type\":\"ListItem\",\"position\":1,\"name\":\"Home\",\"item\":\"https:\/\/www.bhakademiker.org\/\"},{\"@type\":\"ListItem\",\"position\":2,\"name\":\"Bosnien &#8211; Oktober 2016\"}]},{\"@type\":\"WebSite\",\"@id\":\"https:\/\/www.bhakademiker.org\/bs\/#website\",\"url\":\"https:\/\/www.bhakademiker.org\/bs\/\",\"name\":\"Gesellschaft Bosnischer Akademiker\",\"description\":\"\",\"publisher\":{\"@id\":\"https:\/\/www.bhakademiker.org\/bs\/#organization\"},\"potentialAction\":[{\"@type\":\"SearchAction\",\"target\":{\"@type\":\"EntryPoint\",\"urlTemplate\":\"https:\/\/www.bhakademiker.org\/bs\/?s={search_term_string}\"},\"query-input\":\"required name=search_term_string\"}],\"inLanguage\":\"de\"},{\"@type\":\"Organization\",\"@id\":\"https:\/\/www.bhakademiker.org\/bs\/#organization\",\"name\":\"Gesellschaft Bosnischer Akademiker in \u00d6sterreich\",\"url\":\"https:\/\/www.bhakademiker.org\/bs\/\",\"logo\":{\"@type\":\"ImageObject\",\"inLanguage\":\"de\",\"@id\":\"https:\/\/www.bhakademiker.org\/bs\/#\/schema\/logo\/image\/\",\"url\":\"https:\/\/www.bhakademiker.org\/wp-content\/uploads\/2022\/01\/featured-GBAA.png\",\"contentUrl\":\"https:\/\/www.bhakademiker.org\/wp-content\/uploads\/2022\/01\/featured-GBAA.png\",\"width\":1200,\"height\":630,\"caption\":\"Gesellschaft Bosnischer Akademiker in \u00d6sterreich\"},\"image\":{\"@id\":\"https:\/\/www.bhakademiker.org\/bs\/#\/schema\/logo\/image\/\"}}]}<\/script>\n<!-- \/ Yoast SEO plugin. -->","yoast_head_json":{"title":"Bosnien - Oktober 2016 - Gesellschaft Bosnischer Akademiker","robots":{"index":"index","follow":"follow","max-snippet":"max-snippet:-1","max-image-preview":"max-image-preview:large","max-video-preview":"max-video-preview:-1"},"canonical":"https:\/\/www.bhakademiker.org\/de\/bosnien-oktober-2016\/","og_locale":"de_DE","og_type":"article","og_title":"Bosnien - Oktober 2016 - Gesellschaft Bosnischer Akademiker","og_url":"https:\/\/www.bhakademiker.org\/de\/bosnien-oktober-2016\/","og_site_name":"Gesellschaft Bosnischer Akademiker","article_modified_time":"2021-06-26T18:20:27+00:00","og_image":[{"width":1200,"height":630,"url":"https:\/\/www.bhakademiker.org\/wp-content\/uploads\/2022\/01\/featured-GBAA.png","type":"image\/png"}],"twitter_card":"summary_large_image","twitter_misc":{"Gesch\u00e4tzte Lesezeit":"1\u00a0Minute"},"schema":{"@context":"https:\/\/schema.org","@graph":[{"@type":"WebPage","@id":"https:\/\/www.bhakademiker.org\/de\/bosnien-oktober-2016\/","url":"https:\/\/www.bhakademiker.org\/de\/bosnien-oktober-2016\/","name":"Bosnien - Oktober 2016 - Gesellschaft Bosnischer Akademiker","isPartOf":{"@id":"https:\/\/www.bhakademiker.org\/bs\/#website"},"datePublished":"2021-06-26T18:19:19+00:00","dateModified":"2021-06-26T18:20:27+00:00","breadcrumb":{"@id":"https:\/\/www.bhakademiker.org\/de\/bosnien-oktober-2016\/#breadcrumb"},"inLanguage":"de","potentialAction":[{"@type":"ReadAction","target":["https:\/\/www.bhakademiker.org\/de\/bosnien-oktober-2016\/"]}]},{"@type":"BreadcrumbList","@id":"https:\/\/www.bhakademiker.org\/de\/bosnien-oktober-2016\/#breadcrumb","itemListElement":[{"@type":"ListItem","position":1,"name":"Home","item":"https:\/\/www.bhakademiker.org\/"},{"@type":"ListItem","position":2,"name":"Bosnien &#8211; Oktober 2016"}]},{"@type":"WebSite","@id":"https:\/\/www.bhakademiker.org\/bs\/#website","url":"https:\/\/www.bhakademiker.org\/bs\/","name":"Gesellschaft Bosnischer Akademiker","description":"","publisher":{"@id":"https:\/\/www.bhakademiker.org\/bs\/#organization"},"potentialAction":[{"@type":"SearchAction","target":{"@type":"EntryPoint","urlTemplate":"https:\/\/www.bhakademiker.org\/bs\/?s={search_term_string}"},"query-input":"required name=search_term_string"}],"inLanguage":"de"},{"@type":"Organization","@id":"https:\/\/www.bhakademiker.org\/bs\/#organization","name":"Gesellschaft Bosnischer Akademiker in \u00d6sterreich","url":"https:\/\/www.bhakademiker.org\/bs\/","logo":{"@type":"ImageObject","inLanguage":"de","@id":"https:\/\/www.bhakademiker.org\/bs\/#\/schema\/logo\/image\/","url":"https:\/\/www.bhakademiker.org\/wp-content\/uploads\/2022\/01\/featured-GBAA.png","contentUrl":"https:\/\/www.bhakademiker.org\/wp-content\/uploads\/2022\/01\/featured-GBAA.png","width":1200,"height":630,"caption":"Gesellschaft Bosnischer Akademiker in \u00d6sterreich"},"image":{"@id":"https:\/\/www.bhakademiker.org\/bs\/#\/schema\/logo\/image\/"}}]}},"_links":{"self":[{"href":"https:\/\/www.bhakademiker.org\/de\/wp-json\/wp\/v2\/pages\/1497","targetHints":{"allow":["GET"]}}],"collection":[{"href":"https:\/\/www.bhakademiker.org\/de\/wp-json\/wp\/v2\/pages"}],"about":[{"href":"https:\/\/www.bhakademiker.org\/de\/wp-json\/wp\/v2\/types\/page"}],"author":[{"embeddable":true,"href":"https:\/\/www.bhakademiker.org\/de\/wp-json\/wp\/v2\/users\/1"}],"replies":[{"embeddable":true,"href":"https:\/\/www.bhakademiker.org\/de\/wp-json\/wp\/v2\/comments?post=1497"}],"version-history":[{"count":3,"href":"https:\/\/www.bhakademiker.org\/de\/wp-json\/wp\/v2\/pages\/1497\/revisions"}],"predecessor-version":[{"id":1504,"href":"https:\/\/www.bhakademiker.org\/de\/wp-json\/wp\/v2\/pages\/1497\/revisions\/1504"}],"wp:attachment":[{"href":"https:\/\/www.bhakademiker.org\/de\/wp-json\/wp\/v2\/media?parent=1497"}],"curies":[{"name":"wp","href":"https:\/\/api.w.org\/{rel}","templated":true}]}}

<div class="vc_row wpb_row row"><div class="wpb_column vc_column_container vc_col-sm-12"><div class="vc_column-inner"><div class="wpb_wrapper"><h3 class="no-margin-top " >Wirschaftsmöglichkeiten in Bosnien - Oktober 2016</h3>
	<div class="wpb_text_column wpb_content_element " >
		<div class="wpb_wrapper">
			<p>Wien, 08.Oktober 2016</p>
<p>Mit der Präsentation eines weiteren Erfolgsbeispiels eines Unternehmens der Diaspora in B&amp;H wurde die von der Gesellschaft Bosnischer Akademiker in Österreich ins Leben gerufene Reihe wirtschaftlicher Summits zum Thema „Wirtschaftliche Möglichkeiten in B&amp;H – Darstellung erfolgreicher Geschäftsführung“ weitergeführt.</p>
<p>Fadil Cavkic präsentierte die Entstehung und Entwicklung des Unternehmens  Kombiflex in Österreich und C.J. d.o.o in Bihac.<br />
C.J. d.o.o Bihac ist ein Familienunternehmen das 1984 gegründet wurde. In den Anfangszeiten war die Hauptätigkeit der Rundholzzuschnitt, was zunächst in einem kleinen Sägewerk stattfand.<br />
Von 1991 wurde der Tätigkeitsbereich in die Produktion von Metallkonstruktionen verlagert.<br />
2005 wurden die ersten fertigen Metallgefüge nach Österreich und Slowenien ausgeliefert und das Tätigkeitsspektrum weitete sich somit auch auf komplexere Konstruktionen wie Wasserkraftturbinen aus.<br />
Heute beschäftigt  das Unternehmen 140 MitarbeiterInnen.<br />
Allerdings, wie in jedem Unternehmen,  gab es auch in diesem schwierigen Zeiten und es lief nicht immer alles glatt.  Nicht nur aus diesem Grunde lohnte es sich der Geschichte dieser fleißigen Menschen zu lauschen. Außerdem wurden auch die Möglichkeiten der Zusammenarbeit mit ähnlichen Unternehmen in Österreich und Bosnien besprochen, sowie die Notwendigkeit eines zwischenstaatlichen Abkommens zu den Detachments, welches Bosnien mit Deutschland hat.</p>

		</div>
	</div>
</div></div></div></div><div class="vc_row wpb_row row"><div class="wpb_column vc_column_container vc_col-sm-12"><div class="vc_column-inner"><div class="wpb_wrapper">
<div class="vc_grid-container-wrapper vc_clearfix">
	<div class="vc_grid-container vc_clearfix wpb_content_element vc_media_grid" data-initial-loading-animation="fadeIn" data-vc-grid-settings="{&quot;page_id&quot;:1497,&quot;style&quot;:&quot;all&quot;,&quot;action&quot;:&quot;vc_get_vc_grid_data&quot;,&quot;shortcode_id&quot;:&quot;1624731561067-88285f3a-a01f-3&quot;,&quot;tag&quot;:&quot;vc_media_grid&quot;}" data-vc-request="https://www.bhakademiker.org/wp-admin/admin-ajax.php" data-vc-post-id="1497" data-vc-public-nonce="07cc6d62b9">
		
	</div>
</div></div></div></div></div>

Wirschaftsmöglichkeiten in Bosnien - Oktober 2016 Wien, 08.Oktober 2016 Mit der Präsentation eines weiteren Erfolgsbeispiels eines Unternehmens der Diaspora in B&amp;H wurde die von der Gesellschaft Bosnischer Akademiker in Österreich ins Leben gerufene Reihe wirtschaftlicher Summits zum Thema „Wirtschaftliche Möglichkeiten in B&amp;H – Darstellung erfolgreicher Geschäftsführung“ weitergeführt. Fadil Cavkic präsentierte die Entstehung und Entwicklung des Unternehmens  Kombiflex in Österreich und C.J. d.o.o in Bihac. C.J. d.o.o Bihac ist ein Familienunternehmen das 1984 gegründet wurde. In den Anfangszeiten war die Hauptätigkeit der Rundholzzuschnitt, was zunächst in einem kleinen Sägewerk stattfand. Von 1991 wurde der Tätigkeitsbereich in die Produktion von Metallkonstruktionen verlagert....

<!-- This site is optimized with the Yoast SEO plugin v20.3 - https://yoast.com/wordpress/plugins/seo/ -->
<title>Bosnien - Oktober 2016 - Gesellschaft Bosnischer Akademiker</title>
<meta name="robots" content="index, follow, max-snippet:-1, max-image-preview:large, max-video-preview:-1" />
<link rel="canonical" href="https://www.bhakademiker.org/de/bosnien-oktober-2016/" />
<meta property="og:locale" content="de_DE" />
<meta property="og:type" content="article" />
<meta property="og:title" content="Bosnien - Oktober 2016 - Gesellschaft Bosnischer Akademiker" />
<meta property="og:url" content="https://www.bhakademiker.org/de/bosnien-oktober-2016/" />
<meta property="og:site_name" content="Gesellschaft Bosnischer Akademiker" />
<meta property="article:modified_time" content="2021-06-26T18:20:27+00:00" />
<meta property="og:image" content="https://www.bhakademiker.org/wp-content/uploads/2022/01/featured-GBAA.png" />
	<meta property="og:image:width" content="1200" />
	<meta property="og:image:height" content="630" />
	<meta property="og:image:type" content="image/png" />
<meta name="twitter:card" content="summary_large_image" />
<meta name="twitter:label1" content="Geschätzte Lesezeit" />
	<meta name="twitter:data1" content="1 Minute" />
<script type="application/ld+json" class="yoast-schema-graph">{"@context":"https://schema.org","@graph":[{"@type":"WebPage","@id":"https://www.bhakademiker.org/de/bosnien-oktober-2016/","url":"https://www.bhakademiker.org/de/bosnien-oktober-2016/","name":"Bosnien - Oktober 2016 - Gesellschaft Bosnischer Akademiker","isPartOf":{"@id":"https://www.bhakademiker.org/bs/#website"},"datePublished":"2021-06-26T18:19:19+00:00","dateModified":"2021-06-26T18:20:27+00:00","breadcrumb":{"@id":"https://www.bhakademiker.org/de/bosnien-oktober-2016/#breadcrumb"},"inLanguage":"de","potentialAction":[{"@type":"ReadAction","target":["https://www.bhakademiker.org/de/bosnien-oktober-2016/"]}]},{"@type":"BreadcrumbList","@id":"https://www.bhakademiker.org/de/bosnien-oktober-2016/#breadcrumb","itemListElement":[{"@type":"ListItem","position":1,"name":"Home","item":"https://www.bhakademiker.org/"},{"@type":"ListItem","position":2,"name":"Bosnien &#8211; Oktober 2016"}]},{"@type":"WebSite","@id":"https://www.bhakademiker.org/bs/#website","url":"https://www.bhakademiker.org/bs/","name":"Gesellschaft Bosnischer Akademiker","description":"","publisher":{"@id":"https://www.bhakademiker.org/bs/#organization"},"potentialAction":[{"@type":"SearchAction","target":{"@type":"EntryPoint","urlTemplate":"https://www.bhakademiker.org/bs/?s={search_term_string}"},"query-input":"required name=search_term_string"}],"inLanguage":"de"},{"@type":"Organization","@id":"https://www.bhakademiker.org/bs/#organization","name":"Gesellschaft Bosnischer Akademiker in Österreich","url":"https://www.bhakademiker.org/bs/","logo":{"@type":"ImageObject","inLanguage":"de","@id":"https://www.bhakademiker.org/bs/#/schema/logo/image/","url":"https://www.bhakademiker.org/wp-content/uploads/2022/01/featured-GBAA.png","contentUrl":"https://www.bhakademiker.org/wp-content/uploads/2022/01/featured-GBAA.png","width":1200,"height":630,"caption":"Gesellschaft Bosnischer Akademiker in Österreich"},"image":{"@id":"https://www.bhakademiker.org/bs/#/schema/logo/image/"}}]}</script>
<!-- / Yoast SEO plugin. -->

Gesellschaft Bosnischer Akademiker in Österreich
