{"id":2595,"date":"2023-05-10T09:15:31","date_gmt":"2023-05-10T07:15:31","guid":{"rendered":"https:\/\/www.bhakademiker.org\/?page_id=2595"},"modified":"2023-05-10T09:15:31","modified_gmt":"2023-05-10T07:15:31","slug":"831-geburtstag","status":"publish","type":"page","link":"https:\/\/www.bhakademiker.org\/de\/831-geburtstag\/","title":{"rendered":"831. Geburtstag"},"content":{"rendered":"<h1 style=\"text-align: center;\"><strong>831. Geburtstag<\/strong><\/h1>\n<hr \/>\n<p style=\"font-weight: 400;\"><a href=\"https:\/\/www.bhakademiker.org\/wp-content\/uploads\/2023\/05\/IMG_2428.jpg\"><img fetchpriority=\"high\" decoding=\"async\" class=\"alignleft wp-image-2596\" src=\"https:\/\/www.bhakademiker.org\/wp-content\/uploads\/2023\/05\/IMG_2428.jpg\" alt=\"\" width=\"519\" height=\"389\" srcset=\"https:\/\/www.bhakademiker.org\/wp-content\/uploads\/2023\/05\/IMG_2428.jpg 640w, https:\/\/www.bhakademiker.org\/wp-content\/uploads\/2023\/05\/IMG_2428-300x225.jpg 300w, https:\/\/www.bhakademiker.org\/wp-content\/uploads\/2023\/05\/IMG_2428-16x12.jpg 16w\" sizes=\"(max-width: 519px) 100vw, 519px\" \/><\/a>Liebe Bosnienfreunde,<\/p>\n<p style=\"font-weight: 400;\">das kollektive Ged\u00e4chtnis \u00fcber die Anf\u00e4nge Bosniens sind mit dem Ban Kulin verbunden. Das bezeugt das Sprichwort &#8220;Von Ban Kulin bis zum heutigen Tage&#8221;, das es in verschiedenen Variationen besteht, jedoch jede dieser Variationen bekr\u00e4ftigt die \u00dcberzeugung, dass die Anf\u00e4nge Bosniens auf den Ban Kulin zur\u00fcckzuf\u00fchren sind. Jeder Anfang ist gl\u00fcckselig, erf\u00fcllt, intensiv, so auch dieser, der Bosnien an Ban Kulin bindet, wovon folgende Redewendung zeugt &#8220;Von Ban Kulin und den gl\u00fccklichen Tagen&#8221;. Das ist kein Zufall, denn an Ban Kulin ist auch das erste Dokument gebunden, welches von der Unabh\u00e4ngigkeit und Souver\u00e4nit\u00e4t Bosniens zeugt \u2013 eine Urkunde, mit der er als bosnischer Herrscher den H\u00e4ndlern aus Dubrovnik den freien Handel in allen bosnischen Regionen erlaubt. Wenn die Geschichte eine reflektierte Zeit darstellt, dann k\u00f6nnte man sagen, dass mit Ban Kulin Bosnien in die Geschichte eintritt. Deshalb ist es von gr\u00f6\u00dfter Wichtigkeit, dass wir die Erinnerung an Ban Kulin stets h\u00fcten und erneuern. Ihn zu vergessen w\u00fcrde bedeuten, die eigenen Anf\u00e4nge und schlie\u00dflich sich selbst zu vergessen.<\/p>\n<p>&nbsp;<\/p>\n<p>&nbsp;<\/p>\n<p>&nbsp;<\/p>\n<p>Wegen COVID fand diese Veranstaltung ohne Besucher statt.<\/p>\n<p><iframe title=\"831  Ro\u0111endan Bosne  Geburtstag Bosniens, Wien 2020\" width=\"770\" height=\"433\" src=\"https:\/\/www.youtube.com\/embed\/jG7tb_zPXKs?feature=oembed\" frameborder=\"0\" allow=\"accelerometer; autoplay; clipboard-write; encrypted-media; gyroscope; picture-in-picture; web-share\" allowfullscreen><\/iframe><\/p>\n","protected":false},"excerpt":{"rendered":"<p>831. Geburtstag Liebe Bosnienfreunde, das kollektive Ged\u00e4chtnis \u00fcber die Anf\u00e4nge Bosniens sind mit dem Ban Kulin verbunden. Das bezeugt das Sprichwort &#8220;Von Ban Kulin bis zum heutigen Tage&#8221;, das es in verschiedenen Variationen besteht, jedoch jede dieser Variationen bekr\u00e4ftigt die \u00dcberzeugung, dass die Anf\u00e4nge Bosniens auf den Ban Kulin zur\u00fcckzuf\u00fchren sind. Jeder Anfang ist gl\u00fcckselig, erf\u00fcllt, intensiv, so auch dieser, der Bosnien an Ban Kulin bindet, wovon folgende Redewendung zeugt &#8220;Von Ban Kulin und den gl\u00fccklichen Tagen&#8221;. Das ist kein Zufall, denn an Ban Kulin ist auch das erste Dokument gebunden, welches von der Unabh\u00e4ngigkeit und Souver\u00e4nit\u00e4t Bosniens zeugt \u2013&#8230;<\/p>\n","protected":false},"author":1,"featured_media":0,"parent":0,"menu_order":0,"comment_status":"closed","ping_status":"closed","template":"","meta":{"footnotes":""},"class_list":["post-2595","page","type-page","status-publish","hentry"],"yoast_head":"<!-- This site is optimized with the Yoast SEO plugin v20.3 - https:\/\/yoast.com\/wordpress\/plugins\/seo\/ -->\n<title>831. Geburtstag - Gesellschaft Bosnischer Akademiker<\/title>\n<meta name=\"robots\" content=\"index, follow, max-snippet:-1, max-image-preview:large, max-video-preview:-1\" \/>\n<link rel=\"canonical\" href=\"https:\/\/www.bhakademiker.org\/de\/831-geburtstag\/\" \/>\n<meta property=\"og:locale\" content=\"de_DE\" \/>\n<meta property=\"og:type\" content=\"article\" \/>\n<meta property=\"og:title\" content=\"831. Geburtstag - Gesellschaft Bosnischer Akademiker\" \/>\n<meta property=\"og:description\" content=\"831. Geburtstag Liebe Bosnienfreunde, das kollektive Ged\u00e4chtnis \u00fcber die Anf\u00e4nge Bosniens sind mit dem Ban Kulin verbunden. Das bezeugt das Sprichwort &#8220;Von Ban Kulin bis zum heutigen Tage&#8221;, das es in verschiedenen Variationen besteht, jedoch jede dieser Variationen bekr\u00e4ftigt die \u00dcberzeugung, dass die Anf\u00e4nge Bosniens auf den Ban Kulin zur\u00fcckzuf\u00fchren sind. Jeder Anfang ist gl\u00fcckselig, erf\u00fcllt, intensiv, so auch dieser, der Bosnien an Ban Kulin bindet, wovon folgende Redewendung zeugt &#8220;Von Ban Kulin und den gl\u00fccklichen Tagen&#8221;. Das ist kein Zufall, denn an Ban Kulin ist auch das erste Dokument gebunden, welches von der Unabh\u00e4ngigkeit und Souver\u00e4nit\u00e4t Bosniens zeugt \u2013...\" \/>\n<meta property=\"og:url\" content=\"https:\/\/www.bhakademiker.org\/de\/831-geburtstag\/\" \/>\n<meta property=\"og:site_name\" content=\"Gesellschaft Bosnischer Akademiker\" \/>\n<meta property=\"og:image\" content=\"https:\/\/www.bhakademiker.org\/wp-content\/uploads\/2023\/05\/IMG_2428.jpg\" \/>\n<meta name=\"twitter:card\" content=\"summary_large_image\" \/>\n<meta name=\"twitter:label1\" content=\"Gesch\u00e4tzte Lesezeit\" \/>\n\t<meta name=\"twitter:data1\" content=\"1\u00a0Minute\" \/>\n<script type=\"application\/ld+json\" class=\"yoast-schema-graph\">{\"@context\":\"https:\/\/schema.org\",\"@graph\":[{\"@type\":\"WebPage\",\"@id\":\"https:\/\/www.bhakademiker.org\/831-geburtstag\/\",\"url\":\"https:\/\/www.bhakademiker.org\/831-geburtstag\/\",\"name\":\"831. Geburtstag - Gesellschaft Bosnischer Akademiker\",\"isPartOf\":{\"@id\":\"https:\/\/www.bhakademiker.org\/bs\/#website\"},\"datePublished\":\"2023-05-10T07:15:31+00:00\",\"dateModified\":\"2023-05-10T07:15:31+00:00\",\"breadcrumb\":{\"@id\":\"https:\/\/www.bhakademiker.org\/831-geburtstag\/#breadcrumb\"},\"inLanguage\":\"de\",\"potentialAction\":[{\"@type\":\"ReadAction\",\"target\":[\"https:\/\/www.bhakademiker.org\/831-geburtstag\/\"]}]},{\"@type\":\"BreadcrumbList\",\"@id\":\"https:\/\/www.bhakademiker.org\/831-geburtstag\/#breadcrumb\",\"itemListElement\":[{\"@type\":\"ListItem\",\"position\":1,\"name\":\"Home\",\"item\":\"https:\/\/www.bhakademiker.org\/\"},{\"@type\":\"ListItem\",\"position\":2,\"name\":\"831. Geburtstag\"}]},{\"@type\":\"WebSite\",\"@id\":\"https:\/\/www.bhakademiker.org\/bs\/#website\",\"url\":\"https:\/\/www.bhakademiker.org\/bs\/\",\"name\":\"Gesellschaft Bosnischer Akademiker\",\"description\":\"\",\"publisher\":{\"@id\":\"https:\/\/www.bhakademiker.org\/bs\/#organization\"},\"potentialAction\":[{\"@type\":\"SearchAction\",\"target\":{\"@type\":\"EntryPoint\",\"urlTemplate\":\"https:\/\/www.bhakademiker.org\/bs\/?s={search_term_string}\"},\"query-input\":\"required name=search_term_string\"}],\"inLanguage\":\"de\"},{\"@type\":\"Organization\",\"@id\":\"https:\/\/www.bhakademiker.org\/bs\/#organization\",\"name\":\"Gesellschaft Bosnischer Akademiker in \u00d6sterreich\",\"url\":\"https:\/\/www.bhakademiker.org\/bs\/\",\"logo\":{\"@type\":\"ImageObject\",\"inLanguage\":\"de\",\"@id\":\"https:\/\/www.bhakademiker.org\/bs\/#\/schema\/logo\/image\/\",\"url\":\"https:\/\/www.bhakademiker.org\/wp-content\/uploads\/2022\/01\/featured-GBAA.png\",\"contentUrl\":\"https:\/\/www.bhakademiker.org\/wp-content\/uploads\/2022\/01\/featured-GBAA.png\",\"width\":1200,\"height\":630,\"caption\":\"Gesellschaft Bosnischer Akademiker in \u00d6sterreich\"},\"image\":{\"@id\":\"https:\/\/www.bhakademiker.org\/bs\/#\/schema\/logo\/image\/\"}}]}<\/script>\n<!-- \/ Yoast SEO plugin. -->","yoast_head_json":{"title":"831. Geburtstag - Gesellschaft Bosnischer Akademiker","robots":{"index":"index","follow":"follow","max-snippet":"max-snippet:-1","max-image-preview":"max-image-preview:large","max-video-preview":"max-video-preview:-1"},"canonical":"https:\/\/www.bhakademiker.org\/de\/831-geburtstag\/","og_locale":"de_DE","og_type":"article","og_title":"831. Geburtstag - Gesellschaft Bosnischer Akademiker","og_description":"831. Geburtstag Liebe Bosnienfreunde, das kollektive Ged\u00e4chtnis \u00fcber die Anf\u00e4nge Bosniens sind mit dem Ban Kulin verbunden. Das bezeugt das Sprichwort &#8220;Von Ban Kulin bis zum heutigen Tage&#8221;, das es in verschiedenen Variationen besteht, jedoch jede dieser Variationen bekr\u00e4ftigt die \u00dcberzeugung, dass die Anf\u00e4nge Bosniens auf den Ban Kulin zur\u00fcckzuf\u00fchren sind. Jeder Anfang ist gl\u00fcckselig, erf\u00fcllt, intensiv, so auch dieser, der Bosnien an Ban Kulin bindet, wovon folgende Redewendung zeugt &#8220;Von Ban Kulin und den gl\u00fccklichen Tagen&#8221;. Das ist kein Zufall, denn an Ban Kulin ist auch das erste Dokument gebunden, welches von der Unabh\u00e4ngigkeit und Souver\u00e4nit\u00e4t Bosniens zeugt \u2013...","og_url":"https:\/\/www.bhakademiker.org\/de\/831-geburtstag\/","og_site_name":"Gesellschaft Bosnischer Akademiker","og_image":[{"url":"https:\/\/www.bhakademiker.org\/wp-content\/uploads\/2023\/05\/IMG_2428.jpg"}],"twitter_card":"summary_large_image","twitter_misc":{"Gesch\u00e4tzte Lesezeit":"1\u00a0Minute"},"schema":{"@context":"https:\/\/schema.org","@graph":[{"@type":"WebPage","@id":"https:\/\/www.bhakademiker.org\/831-geburtstag\/","url":"https:\/\/www.bhakademiker.org\/831-geburtstag\/","name":"831. Geburtstag - Gesellschaft Bosnischer Akademiker","isPartOf":{"@id":"https:\/\/www.bhakademiker.org\/bs\/#website"},"datePublished":"2023-05-10T07:15:31+00:00","dateModified":"2023-05-10T07:15:31+00:00","breadcrumb":{"@id":"https:\/\/www.bhakademiker.org\/831-geburtstag\/#breadcrumb"},"inLanguage":"de","potentialAction":[{"@type":"ReadAction","target":["https:\/\/www.bhakademiker.org\/831-geburtstag\/"]}]},{"@type":"BreadcrumbList","@id":"https:\/\/www.bhakademiker.org\/831-geburtstag\/#breadcrumb","itemListElement":[{"@type":"ListItem","position":1,"name":"Home","item":"https:\/\/www.bhakademiker.org\/"},{"@type":"ListItem","position":2,"name":"831. Geburtstag"}]},{"@type":"WebSite","@id":"https:\/\/www.bhakademiker.org\/bs\/#website","url":"https:\/\/www.bhakademiker.org\/bs\/","name":"Gesellschaft Bosnischer Akademiker","description":"","publisher":{"@id":"https:\/\/www.bhakademiker.org\/bs\/#organization"},"potentialAction":[{"@type":"SearchAction","target":{"@type":"EntryPoint","urlTemplate":"https:\/\/www.bhakademiker.org\/bs\/?s={search_term_string}"},"query-input":"required name=search_term_string"}],"inLanguage":"de"},{"@type":"Organization","@id":"https:\/\/www.bhakademiker.org\/bs\/#organization","name":"Gesellschaft Bosnischer Akademiker in \u00d6sterreich","url":"https:\/\/www.bhakademiker.org\/bs\/","logo":{"@type":"ImageObject","inLanguage":"de","@id":"https:\/\/www.bhakademiker.org\/bs\/#\/schema\/logo\/image\/","url":"https:\/\/www.bhakademiker.org\/wp-content\/uploads\/2022\/01\/featured-GBAA.png","contentUrl":"https:\/\/www.bhakademiker.org\/wp-content\/uploads\/2022\/01\/featured-GBAA.png","width":1200,"height":630,"caption":"Gesellschaft Bosnischer Akademiker in \u00d6sterreich"},"image":{"@id":"https:\/\/www.bhakademiker.org\/bs\/#\/schema\/logo\/image\/"}}]}},"_links":{"self":[{"href":"https:\/\/www.bhakademiker.org\/de\/wp-json\/wp\/v2\/pages\/2595","targetHints":{"allow":["GET"]}}],"collection":[{"href":"https:\/\/www.bhakademiker.org\/de\/wp-json\/wp\/v2\/pages"}],"about":[{"href":"https:\/\/www.bhakademiker.org\/de\/wp-json\/wp\/v2\/types\/page"}],"author":[{"embeddable":true,"href":"https:\/\/www.bhakademiker.org\/de\/wp-json\/wp\/v2\/users\/1"}],"replies":[{"embeddable":true,"href":"https:\/\/www.bhakademiker.org\/de\/wp-json\/wp\/v2\/comments?post=2595"}],"version-history":[{"count":7,"href":"https:\/\/www.bhakademiker.org\/de\/wp-json\/wp\/v2\/pages\/2595\/revisions"}],"predecessor-version":[{"id":2603,"href":"https:\/\/www.bhakademiker.org\/de\/wp-json\/wp\/v2\/pages\/2595\/revisions\/2603"}],"wp:attachment":[{"href":"https:\/\/www.bhakademiker.org\/de\/wp-json\/wp\/v2\/media?parent=2595"}],"curies":[{"name":"wp","href":"https:\/\/api.w.org\/{rel}","templated":true}]}}

<h1 style="text-align: center;"><strong>831. Geburtstag</strong></h1>
<hr />
<p style="font-weight: 400;"><a href="https://www.bhakademiker.org/wp-content/uploads/2023/05/IMG_2428.jpg"><img fetchpriority="high" decoding="async" class="alignleft wp-image-2596" src="https://www.bhakademiker.org/wp-content/uploads/2023/05/IMG_2428.jpg" alt="" width="519" height="389" srcset="https://www.bhakademiker.org/wp-content/uploads/2023/05/IMG_2428.jpg 640w, https://www.bhakademiker.org/wp-content/uploads/2023/05/IMG_2428-300x225.jpg 300w, https://www.bhakademiker.org/wp-content/uploads/2023/05/IMG_2428-16x12.jpg 16w" sizes="(max-width: 519px) 100vw, 519px" /></a>Liebe Bosnienfreunde,</p>
<p style="font-weight: 400;">das kollektive Gedächtnis über die Anfänge Bosniens sind mit dem Ban Kulin verbunden. Das bezeugt das Sprichwort &#8220;Von Ban Kulin bis zum heutigen Tage&#8221;, das es in verschiedenen Variationen besteht, jedoch jede dieser Variationen bekräftigt die Überzeugung, dass die Anfänge Bosniens auf den Ban Kulin zurückzuführen sind. Jeder Anfang ist glückselig, erfüllt, intensiv, so auch dieser, der Bosnien an Ban Kulin bindet, wovon folgende Redewendung zeugt &#8220;Von Ban Kulin und den glücklichen Tagen&#8221;. Das ist kein Zufall, denn an Ban Kulin ist auch das erste Dokument gebunden, welches von der Unabhängigkeit und Souveränität Bosniens zeugt – eine Urkunde, mit der er als bosnischer Herrscher den Händlern aus Dubrovnik den freien Handel in allen bosnischen Regionen erlaubt. Wenn die Geschichte eine reflektierte Zeit darstellt, dann könnte man sagen, dass mit Ban Kulin Bosnien in die Geschichte eintritt. Deshalb ist es von größter Wichtigkeit, dass wir die Erinnerung an Ban Kulin stets hüten und erneuern. Ihn zu vergessen würde bedeuten, die eigenen Anfänge und schließlich sich selbst zu vergessen.</p>
<p>&nbsp;</p>
<p>&nbsp;</p>
<p>&nbsp;</p>
<p>Wegen COVID fand diese Veranstaltung ohne Besucher statt.</p>
<p><iframe title="831  Rođendan Bosne  Geburtstag Bosniens, Wien 2020" width="770" height="433" src="https://www.youtube.com/embed/jG7tb_zPXKs?feature=oembed" frameborder="0" allow="accelerometer; autoplay; clipboard-write; encrypted-media; gyroscope; picture-in-picture; web-share" allowfullscreen></iframe></p>

<p>831. Geburtstag Liebe Bosnienfreunde, das kollektive Gedächtnis über die Anfänge Bosniens sind mit dem Ban Kulin verbunden. Das bezeugt das Sprichwort &#8220;Von Ban Kulin bis zum heutigen Tage&#8221;, das es in verschiedenen Variationen besteht, jedoch jede dieser Variationen bekräftigt die Überzeugung, dass die Anfänge Bosniens auf den Ban Kulin zurückzuführen sind. Jeder Anfang ist glückselig, erfüllt, intensiv, so auch dieser, der Bosnien an Ban Kulin bindet, wovon folgende Redewendung zeugt &#8220;Von Ban Kulin und den glücklichen Tagen&#8221;. Das ist kein Zufall, denn an Ban Kulin ist auch das erste Dokument gebunden, welches von der Unabhängigkeit und Souveränität Bosniens zeugt –&#8230;</p>

<!-- This site is optimized with the Yoast SEO plugin v20.3 - https://yoast.com/wordpress/plugins/seo/ -->
<title>831. Geburtstag - Gesellschaft Bosnischer Akademiker</title>
<meta name="robots" content="index, follow, max-snippet:-1, max-image-preview:large, max-video-preview:-1" />
<link rel="canonical" href="https://www.bhakademiker.org/de/831-geburtstag/" />
<meta property="og:locale" content="de_DE" />
<meta property="og:type" content="article" />
<meta property="og:title" content="831. Geburtstag - Gesellschaft Bosnischer Akademiker" />
<meta property="og:description" content="831. Geburtstag Liebe Bosnienfreunde, das kollektive Gedächtnis über die Anfänge Bosniens sind mit dem Ban Kulin verbunden. Das bezeugt das Sprichwort &#8220;Von Ban Kulin bis zum heutigen Tage&#8221;, das es in verschiedenen Variationen besteht, jedoch jede dieser Variationen bekräftigt die Überzeugung, dass die Anfänge Bosniens auf den Ban Kulin zurückzuführen sind. Jeder Anfang ist glückselig, erfüllt, intensiv, so auch dieser, der Bosnien an Ban Kulin bindet, wovon folgende Redewendung zeugt &#8220;Von Ban Kulin und den glücklichen Tagen&#8221;. Das ist kein Zufall, denn an Ban Kulin ist auch das erste Dokument gebunden, welches von der Unabhängigkeit und Souveränität Bosniens zeugt –..." />
<meta property="og:url" content="https://www.bhakademiker.org/de/831-geburtstag/" />
<meta property="og:site_name" content="Gesellschaft Bosnischer Akademiker" />
<meta property="og:image" content="https://www.bhakademiker.org/wp-content/uploads/2023/05/IMG_2428.jpg" />
<meta name="twitter:card" content="summary_large_image" />
<meta name="twitter:label1" content="Geschätzte Lesezeit" />
	<meta name="twitter:data1" content="1 Minute" />
<script type="application/ld+json" class="yoast-schema-graph">{"@context":"https://schema.org","@graph":[{"@type":"WebPage","@id":"https://www.bhakademiker.org/831-geburtstag/","url":"https://www.bhakademiker.org/831-geburtstag/","name":"831. Geburtstag - Gesellschaft Bosnischer Akademiker","isPartOf":{"@id":"https://www.bhakademiker.org/bs/#website"},"datePublished":"2023-05-10T07:15:31+00:00","dateModified":"2023-05-10T07:15:31+00:00","breadcrumb":{"@id":"https://www.bhakademiker.org/831-geburtstag/#breadcrumb"},"inLanguage":"de","potentialAction":[{"@type":"ReadAction","target":["https://www.bhakademiker.org/831-geburtstag/"]}]},{"@type":"BreadcrumbList","@id":"https://www.bhakademiker.org/831-geburtstag/#breadcrumb","itemListElement":[{"@type":"ListItem","position":1,"name":"Home","item":"https://www.bhakademiker.org/"},{"@type":"ListItem","position":2,"name":"831. Geburtstag"}]},{"@type":"WebSite","@id":"https://www.bhakademiker.org/bs/#website","url":"https://www.bhakademiker.org/bs/","name":"Gesellschaft Bosnischer Akademiker","description":"","publisher":{"@id":"https://www.bhakademiker.org/bs/#organization"},"potentialAction":[{"@type":"SearchAction","target":{"@type":"EntryPoint","urlTemplate":"https://www.bhakademiker.org/bs/?s={search_term_string}"},"query-input":"required name=search_term_string"}],"inLanguage":"de"},{"@type":"Organization","@id":"https://www.bhakademiker.org/bs/#organization","name":"Gesellschaft Bosnischer Akademiker in Österreich","url":"https://www.bhakademiker.org/bs/","logo":{"@type":"ImageObject","inLanguage":"de","@id":"https://www.bhakademiker.org/bs/#/schema/logo/image/","url":"https://www.bhakademiker.org/wp-content/uploads/2022/01/featured-GBAA.png","contentUrl":"https://www.bhakademiker.org/wp-content/uploads/2022/01/featured-GBAA.png","width":1200,"height":630,"caption":"Gesellschaft Bosnischer Akademiker in Österreich"},"image":{"@id":"https://www.bhakademiker.org/bs/#/schema/logo/image/"}}]}</script>
<!-- / Yoast SEO plugin. -->

831. Geburtstag Liebe Bosnienfreunde, das kollektive Gedächtnis über die Anfänge Bosniens sind mit dem Ban Kulin verbunden. Das bezeugt das Sprichwort &#8220;Von Ban Kulin bis zum heutigen Tage&#8221;, das es in verschiedenen Variationen besteht, jedoch jede dieser Variationen bekräftigt die Überzeugung, dass die Anfänge Bosniens auf den Ban Kulin zurückzuführen sind. Jeder Anfang ist glückselig, erfüllt, intensiv, so auch dieser, der Bosnien an Ban Kulin bindet, wovon folgende Redewendung zeugt &#8220;Von Ban Kulin und den glücklichen Tagen&#8221;. Das ist kein Zufall, denn an Ban Kulin ist auch das erste Dokument gebunden, welches von der Unabhängigkeit und Souveränität Bosniens zeugt –...

Gesellschaft Bosnischer Akademiker in Österreich
