{"id":3695,"date":"2025-01-16T08:16:04","date_gmt":"2025-01-16T07:16:04","guid":{"rendered":"https:\/\/www.bhakademiker.org\/?page_id=3695"},"modified":"2025-01-16T08:30:12","modified_gmt":"2025-01-16T07:30:12","slug":"gbaa_un_2025","status":"publish","type":"page","link":"https:\/\/www.bhakademiker.org\/de\/gbaa_un_2025\/","title":{"rendered":"BADA\/BADEU &#038; UN-Standorte"},"content":{"rendered":"<div class=\"vc_row wpb_row row\"><div class=\"wpb_column vc_column_container vc_col-sm-12\"><div class=\"vc_column-inner\"><div class=\"wpb_wrapper\">\r\n\t<div  class=\"wpb_single_image wpb_content_element vc_align_center\">\r\n\t\t\r\n\t\t<figure class=\"wpb_wrapper vc_figure\">\r\n\t\t\t<div class=\"vc_single_image-wrapper   vc_box_border_grey\"><img fetchpriority=\"high\" decoding=\"async\" width=\"770\" height=\"428\" src=\"https:\/\/www.bhakademiker.org\/wp-content\/uploads\/2025\/01\/Screenshot-2025-01-16-081450-1-1024x569.png\" class=\"vc_single_image-img attachment-large\" alt=\"\" srcset=\"https:\/\/www.bhakademiker.org\/wp-content\/uploads\/2025\/01\/Screenshot-2025-01-16-081450-1-1024x569.png 1024w, https:\/\/www.bhakademiker.org\/wp-content\/uploads\/2025\/01\/Screenshot-2025-01-16-081450-1-300x167.png 300w, https:\/\/www.bhakademiker.org\/wp-content\/uploads\/2025\/01\/Screenshot-2025-01-16-081450-1-768x427.png 768w, https:\/\/www.bhakademiker.org\/wp-content\/uploads\/2025\/01\/Screenshot-2025-01-16-081450-1-18x10.png 18w, https:\/\/www.bhakademiker.org\/wp-content\/uploads\/2025\/01\/Screenshot-2025-01-16-081450-1.png 1161w\" sizes=\"(max-width: 770px) 100vw, 770px\" \/><\/div>\r\n\t\t<\/figure>\r\n\t<\/div>\r\n<h3 class=\"no-margin-top \" >BADA\/BADEU @ UN-Standorte<\/h3>\n\t<div class=\"wpb_text_column wpb_content_element \" >\n\t\t<div class=\"wpb_wrapper\">\n\t\t\t<p>Ab diesem Jahr wirkt die Gesellschaft Bosnischer Akademiker in \u00d6sterreich\/EU stolz an drei wichtigen Standorten der Vereinten Nationen: New York, Genf und Wien. Unsere Vertreter bei den UN setzen sich mit Entschlossenheit daf\u00fcr ein, unsere akademische Gemeinschaft auf der globalen B\u00fchne zu f\u00f6rdern und Bosnien und Herzegowina in ihrem wahren und historischen Licht zu pr\u00e4sentieren.<\/p>\n<p>Eine besondere Initiative in diesem Jahr zielt darauf ab, den \u201eTag der zwischenstaatlichen nachbarschaftlichen Beziehungen\u201c \u2013 den 29. August \u2013 in den offiziellen Kalender der Vereinten Nationen aufzunehmen, um das Datum der Unterzeichnung der Charta des bosnischen Banus Kulin im Jahr 1189 zu w\u00fcrdigen. Dar\u00fcber hinaus bringt die kontinuierliche Arbeit an den Projekten \u201eVers\u00f6hnung der Welten\u201c neue Hoffnung und Inspiration, die die Vision von Bosnien als Krle\u017eas Leuchtturm in Europa best\u00e4tigt \u2013 ein Symbol f\u00fcr G\u00fcte und gegenseitiges Verst\u00e4ndnis.<\/p>\n\n\t\t<\/div>\n\t<\/div>\n<\/div><\/div><\/div><\/div>\n","protected":false},"excerpt":{"rendered":"BADA\/BADEU @ UN-Standorte Ab diesem Jahr wirkt die Gesellschaft Bosnischer Akademiker in \u00d6sterreich\/EU stolz an drei wichtigen Standorten der Vereinten Nationen: New York, Genf und Wien. Unsere Vertreter bei den UN setzen sich mit Entschlossenheit daf\u00fcr ein, unsere akademische Gemeinschaft auf der globalen B\u00fchne zu f\u00f6rdern und Bosnien und Herzegowina in ihrem wahren und historischen Licht zu pr\u00e4sentieren. Eine besondere Initiative in diesem Jahr zielt darauf ab, den \u201eTag der zwischenstaatlichen nachbarschaftlichen Beziehungen\u201c \u2013 den 29. August \u2013 in den offiziellen Kalender der Vereinten Nationen aufzunehmen, um das Datum der Unterzeichnung der Charta des bosnischen Banus Kulin im Jahr 1189...","protected":false},"author":1,"featured_media":0,"parent":0,"menu_order":0,"comment_status":"closed","ping_status":"closed","template":"","meta":{"footnotes":""},"class_list":["post-3695","page","type-page","status-publish","hentry"],"yoast_head":"<!-- This site is optimized with the Yoast SEO plugin v20.3 - https:\/\/yoast.com\/wordpress\/plugins\/seo\/ -->\n<title>BADA\/BADEU &amp; UN-Standorte - Gesellschaft Bosnischer Akademiker<\/title>\n<meta name=\"description\" content=\"Die Gesellschaft Bosnischer Akademiker in \u00d6sterreich\/EU engagiert sich an UN-Standorten in New York, Genf und Wien. Mit Initiativen wie dem \u201eTag der zwischenstaatlichen nachbarschaftlichen Beziehungen\u201c f\u00f6rdern sie G\u00fcte, Verst\u00e4ndnis und eine kulturelle Verbindung auf globaler Ebene.\" \/>\n<meta name=\"robots\" content=\"index, follow, max-snippet:-1, max-image-preview:large, max-video-preview:-1\" \/>\n<link rel=\"canonical\" href=\"https:\/\/www.bhakademiker.org\/de\/gbaa_un_2025\/\" \/>\n<meta property=\"og:locale\" content=\"de_DE\" \/>\n<meta property=\"og:type\" content=\"article\" \/>\n<meta property=\"og:title\" content=\"GBAA &amp; UN-Standorte\" \/>\n<meta property=\"og:description\" content=\"Die Gesellschaft Bosnischer Akademiker in \u00d6sterreich\/EU engagiert sich an UN-Standorten in New York, Genf und Wien. Mit Initiativen wie dem \u201eTag der zwischenstaatlichen nachbarschaftlichen Beziehungen\u201c f\u00f6rdern sie G\u00fcte, Verst\u00e4ndnis und eine kulturelle Verbindung auf globaler Ebene.\" \/>\n<meta property=\"og:url\" content=\"https:\/\/www.bhakademiker.org\/de\/gbaa_un_2025\/\" \/>\n<meta property=\"og:site_name\" content=\"Gesellschaft Bosnischer Akademiker\" \/>\n<meta property=\"article:modified_time\" content=\"2025-01-16T07:30:12+00:00\" \/>\n<meta property=\"og:image\" content=\"https:\/\/www.bhakademiker.org\/wp-content\/uploads\/2025\/01\/Screenshot-2025-01-16-081450.png\" \/>\n\t<meta property=\"og:image:width\" content=\"1161\" \/>\n\t<meta property=\"og:image:height\" content=\"645\" \/>\n\t<meta property=\"og:image:type\" content=\"image\/png\" \/>\n<meta name=\"twitter:card\" content=\"summary_large_image\" \/>\n<meta name=\"twitter:title\" content=\"GBAA &amp; UN-Standorte\" \/>\n<meta name=\"twitter:image\" content=\"https:\/\/www.bhakademiker.org\/wp-content\/uploads\/2025\/01\/Screenshot-2025-01-16-081450-1.png\" \/>\n<meta name=\"twitter:label1\" content=\"Gesch\u00e4tzte Lesezeit\" \/>\n\t<meta name=\"twitter:data1\" content=\"1\u00a0Minute\" \/>\n<script type=\"application\/ld+json\" class=\"yoast-schema-graph\">{\"@context\":\"https:\/\/schema.org\",\"@graph\":[{\"@type\":\"WebPage\",\"@id\":\"https:\/\/www.bhakademiker.org\/gbaa_un_2025\/\",\"url\":\"https:\/\/www.bhakademiker.org\/gbaa_un_2025\/\",\"name\":\"BADA\/BADEU & UN-Standorte - Gesellschaft Bosnischer Akademiker\",\"isPartOf\":{\"@id\":\"https:\/\/www.bhakademiker.org\/bs\/#website\"},\"datePublished\":\"2025-01-16T07:16:04+00:00\",\"dateModified\":\"2025-01-16T07:30:12+00:00\",\"description\":\"Die Gesellschaft Bosnischer Akademiker in \u00d6sterreich\/EU engagiert sich an UN-Standorten in New York, Genf und Wien. Mit Initiativen wie dem \u201eTag der zwischenstaatlichen nachbarschaftlichen Beziehungen\u201c f\u00f6rdern sie G\u00fcte, Verst\u00e4ndnis und eine kulturelle Verbindung auf globaler Ebene.\",\"breadcrumb\":{\"@id\":\"https:\/\/www.bhakademiker.org\/gbaa_un_2025\/#breadcrumb\"},\"inLanguage\":\"de\",\"potentialAction\":[{\"@type\":\"ReadAction\",\"target\":[\"https:\/\/www.bhakademiker.org\/gbaa_un_2025\/\"]}]},{\"@type\":\"BreadcrumbList\",\"@id\":\"https:\/\/www.bhakademiker.org\/gbaa_un_2025\/#breadcrumb\",\"itemListElement\":[{\"@type\":\"ListItem\",\"position\":1,\"name\":\"Home\",\"item\":\"https:\/\/www.bhakademiker.org\/\"},{\"@type\":\"ListItem\",\"position\":2,\"name\":\"BADA\/BADEU &#038; UN-Standorte\"}]},{\"@type\":\"WebSite\",\"@id\":\"https:\/\/www.bhakademiker.org\/bs\/#website\",\"url\":\"https:\/\/www.bhakademiker.org\/bs\/\",\"name\":\"Gesellschaft Bosnischer Akademiker\",\"description\":\"\",\"publisher\":{\"@id\":\"https:\/\/www.bhakademiker.org\/bs\/#organization\"},\"potentialAction\":[{\"@type\":\"SearchAction\",\"target\":{\"@type\":\"EntryPoint\",\"urlTemplate\":\"https:\/\/www.bhakademiker.org\/bs\/?s={search_term_string}\"},\"query-input\":\"required name=search_term_string\"}],\"inLanguage\":\"de\"},{\"@type\":\"Organization\",\"@id\":\"https:\/\/www.bhakademiker.org\/bs\/#organization\",\"name\":\"Gesellschaft Bosnischer Akademiker in \u00d6sterreich\",\"url\":\"https:\/\/www.bhakademiker.org\/bs\/\",\"logo\":{\"@type\":\"ImageObject\",\"inLanguage\":\"de\",\"@id\":\"https:\/\/www.bhakademiker.org\/bs\/#\/schema\/logo\/image\/\",\"url\":\"https:\/\/www.bhakademiker.org\/wp-content\/uploads\/2022\/01\/featured-GBAA.png\",\"contentUrl\":\"https:\/\/www.bhakademiker.org\/wp-content\/uploads\/2022\/01\/featured-GBAA.png\",\"width\":1200,\"height\":630,\"caption\":\"Gesellschaft Bosnischer Akademiker in \u00d6sterreich\"},\"image\":{\"@id\":\"https:\/\/www.bhakademiker.org\/bs\/#\/schema\/logo\/image\/\"}}]}<\/script>\n<!-- \/ Yoast SEO plugin. -->","yoast_head_json":{"title":"BADA\/BADEU & UN-Standorte - Gesellschaft Bosnischer Akademiker","description":"Die Gesellschaft Bosnischer Akademiker in \u00d6sterreich\/EU engagiert sich an UN-Standorten in New York, Genf und Wien. Mit Initiativen wie dem \u201eTag der zwischenstaatlichen nachbarschaftlichen Beziehungen\u201c f\u00f6rdern sie G\u00fcte, Verst\u00e4ndnis und eine kulturelle Verbindung auf globaler Ebene.","robots":{"index":"index","follow":"follow","max-snippet":"max-snippet:-1","max-image-preview":"max-image-preview:large","max-video-preview":"max-video-preview:-1"},"canonical":"https:\/\/www.bhakademiker.org\/de\/gbaa_un_2025\/","og_locale":"de_DE","og_type":"article","og_title":"GBAA & UN-Standorte","og_description":"Die Gesellschaft Bosnischer Akademiker in \u00d6sterreich\/EU engagiert sich an UN-Standorten in New York, Genf und Wien. Mit Initiativen wie dem \u201eTag der zwischenstaatlichen nachbarschaftlichen Beziehungen\u201c f\u00f6rdern sie G\u00fcte, Verst\u00e4ndnis und eine kulturelle Verbindung auf globaler Ebene.","og_url":"https:\/\/www.bhakademiker.org\/de\/gbaa_un_2025\/","og_site_name":"Gesellschaft Bosnischer Akademiker","article_modified_time":"2025-01-16T07:30:12+00:00","og_image":[{"width":1161,"height":645,"url":"https:\/\/www.bhakademiker.org\/wp-content\/uploads\/2025\/01\/Screenshot-2025-01-16-081450.png","type":"image\/png"}],"twitter_card":"summary_large_image","twitter_title":"GBAA & UN-Standorte","twitter_image":"https:\/\/www.bhakademiker.org\/wp-content\/uploads\/2025\/01\/Screenshot-2025-01-16-081450-1.png","twitter_misc":{"Gesch\u00e4tzte Lesezeit":"1\u00a0Minute"},"schema":{"@context":"https:\/\/schema.org","@graph":[{"@type":"WebPage","@id":"https:\/\/www.bhakademiker.org\/gbaa_un_2025\/","url":"https:\/\/www.bhakademiker.org\/gbaa_un_2025\/","name":"BADA\/BADEU & UN-Standorte - Gesellschaft Bosnischer Akademiker","isPartOf":{"@id":"https:\/\/www.bhakademiker.org\/bs\/#website"},"datePublished":"2025-01-16T07:16:04+00:00","dateModified":"2025-01-16T07:30:12+00:00","description":"Die Gesellschaft Bosnischer Akademiker in \u00d6sterreich\/EU engagiert sich an UN-Standorten in New York, Genf und Wien. Mit Initiativen wie dem \u201eTag der zwischenstaatlichen nachbarschaftlichen Beziehungen\u201c f\u00f6rdern sie G\u00fcte, Verst\u00e4ndnis und eine kulturelle Verbindung auf globaler Ebene.","breadcrumb":{"@id":"https:\/\/www.bhakademiker.org\/gbaa_un_2025\/#breadcrumb"},"inLanguage":"de","potentialAction":[{"@type":"ReadAction","target":["https:\/\/www.bhakademiker.org\/gbaa_un_2025\/"]}]},{"@type":"BreadcrumbList","@id":"https:\/\/www.bhakademiker.org\/gbaa_un_2025\/#breadcrumb","itemListElement":[{"@type":"ListItem","position":1,"name":"Home","item":"https:\/\/www.bhakademiker.org\/"},{"@type":"ListItem","position":2,"name":"BADA\/BADEU &#038; UN-Standorte"}]},{"@type":"WebSite","@id":"https:\/\/www.bhakademiker.org\/bs\/#website","url":"https:\/\/www.bhakademiker.org\/bs\/","name":"Gesellschaft Bosnischer Akademiker","description":"","publisher":{"@id":"https:\/\/www.bhakademiker.org\/bs\/#organization"},"potentialAction":[{"@type":"SearchAction","target":{"@type":"EntryPoint","urlTemplate":"https:\/\/www.bhakademiker.org\/bs\/?s={search_term_string}"},"query-input":"required name=search_term_string"}],"inLanguage":"de"},{"@type":"Organization","@id":"https:\/\/www.bhakademiker.org\/bs\/#organization","name":"Gesellschaft Bosnischer Akademiker in \u00d6sterreich","url":"https:\/\/www.bhakademiker.org\/bs\/","logo":{"@type":"ImageObject","inLanguage":"de","@id":"https:\/\/www.bhakademiker.org\/bs\/#\/schema\/logo\/image\/","url":"https:\/\/www.bhakademiker.org\/wp-content\/uploads\/2022\/01\/featured-GBAA.png","contentUrl":"https:\/\/www.bhakademiker.org\/wp-content\/uploads\/2022\/01\/featured-GBAA.png","width":1200,"height":630,"caption":"Gesellschaft Bosnischer Akademiker in \u00d6sterreich"},"image":{"@id":"https:\/\/www.bhakademiker.org\/bs\/#\/schema\/logo\/image\/"}}]}},"_links":{"self":[{"href":"https:\/\/www.bhakademiker.org\/de\/wp-json\/wp\/v2\/pages\/3695","targetHints":{"allow":["GET"]}}],"collection":[{"href":"https:\/\/www.bhakademiker.org\/de\/wp-json\/wp\/v2\/pages"}],"about":[{"href":"https:\/\/www.bhakademiker.org\/de\/wp-json\/wp\/v2\/types\/page"}],"author":[{"embeddable":true,"href":"https:\/\/www.bhakademiker.org\/de\/wp-json\/wp\/v2\/users\/1"}],"replies":[{"embeddable":true,"href":"https:\/\/www.bhakademiker.org\/de\/wp-json\/wp\/v2\/comments?post=3695"}],"version-history":[{"count":5,"href":"https:\/\/www.bhakademiker.org\/de\/wp-json\/wp\/v2\/pages\/3695\/revisions"}],"predecessor-version":[{"id":3704,"href":"https:\/\/www.bhakademiker.org\/de\/wp-json\/wp\/v2\/pages\/3695\/revisions\/3704"}],"wp:attachment":[{"href":"https:\/\/www.bhakademiker.org\/de\/wp-json\/wp\/v2\/media?parent=3695"}],"curies":[{"name":"wp","href":"https:\/\/api.w.org\/{rel}","templated":true}]}}

<div class="vc_row wpb_row row"><div class="wpb_column vc_column_container vc_col-sm-12"><div class="vc_column-inner"><div class="wpb_wrapper">
	<div  class="wpb_single_image wpb_content_element vc_align_center">
		
		<figure class="wpb_wrapper vc_figure">
			<div class="vc_single_image-wrapper   vc_box_border_grey"><img fetchpriority="high" decoding="async" width="770" height="428" src="https://www.bhakademiker.org/wp-content/uploads/2025/01/Screenshot-2025-01-16-081450-1-1024x569.png" class="vc_single_image-img attachment-large" alt="" srcset="https://www.bhakademiker.org/wp-content/uploads/2025/01/Screenshot-2025-01-16-081450-1-1024x569.png 1024w, https://www.bhakademiker.org/wp-content/uploads/2025/01/Screenshot-2025-01-16-081450-1-300x167.png 300w, https://www.bhakademiker.org/wp-content/uploads/2025/01/Screenshot-2025-01-16-081450-1-768x427.png 768w, https://www.bhakademiker.org/wp-content/uploads/2025/01/Screenshot-2025-01-16-081450-1-18x10.png 18w, https://www.bhakademiker.org/wp-content/uploads/2025/01/Screenshot-2025-01-16-081450-1.png 1161w" sizes="(max-width: 770px) 100vw, 770px" /></div>
		</figure>
	</div>
<h3 class="no-margin-top " >BADA/BADEU @ UN-Standorte</h3>
	<div class="wpb_text_column wpb_content_element " >
		<div class="wpb_wrapper">
			<p>Ab diesem Jahr wirkt die Gesellschaft Bosnischer Akademiker in Österreich/EU stolz an drei wichtigen Standorten der Vereinten Nationen: New York, Genf und Wien. Unsere Vertreter bei den UN setzen sich mit Entschlossenheit dafür ein, unsere akademische Gemeinschaft auf der globalen Bühne zu fördern und Bosnien und Herzegowina in ihrem wahren und historischen Licht zu präsentieren.</p>
<p>Eine besondere Initiative in diesem Jahr zielt darauf ab, den „Tag der zwischenstaatlichen nachbarschaftlichen Beziehungen“ – den 29. August – in den offiziellen Kalender der Vereinten Nationen aufzunehmen, um das Datum der Unterzeichnung der Charta des bosnischen Banus Kulin im Jahr 1189 zu würdigen. Darüber hinaus bringt die kontinuierliche Arbeit an den Projekten „Versöhnung der Welten“ neue Hoffnung und Inspiration, die die Vision von Bosnien als Krležas Leuchtturm in Europa bestätigt – ein Symbol für Güte und gegenseitiges Verständnis.</p>

		</div>
	</div>
</div></div></div></div>

BADA/BADEU @ UN-Standorte Ab diesem Jahr wirkt die Gesellschaft Bosnischer Akademiker in Österreich/EU stolz an drei wichtigen Standorten der Vereinten Nationen: New York, Genf und Wien. Unsere Vertreter bei den UN setzen sich mit Entschlossenheit dafür ein, unsere akademische Gemeinschaft auf der globalen Bühne zu fördern und Bosnien und Herzegowina in ihrem wahren und historischen Licht zu präsentieren. Eine besondere Initiative in diesem Jahr zielt darauf ab, den „Tag der zwischenstaatlichen nachbarschaftlichen Beziehungen“ – den 29. August – in den offiziellen Kalender der Vereinten Nationen aufzunehmen, um das Datum der Unterzeichnung der Charta des bosnischen Banus Kulin im Jahr 1189...

<!-- This site is optimized with the Yoast SEO plugin v20.3 - https://yoast.com/wordpress/plugins/seo/ -->
<title>BADA/BADEU &amp; UN-Standorte - Gesellschaft Bosnischer Akademiker</title>
<meta name="description" content="Die Gesellschaft Bosnischer Akademiker in Österreich/EU engagiert sich an UN-Standorten in New York, Genf und Wien. Mit Initiativen wie dem „Tag der zwischenstaatlichen nachbarschaftlichen Beziehungen“ fördern sie Güte, Verständnis und eine kulturelle Verbindung auf globaler Ebene." />
<meta name="robots" content="index, follow, max-snippet:-1, max-image-preview:large, max-video-preview:-1" />
<link rel="canonical" href="https://www.bhakademiker.org/de/gbaa_un_2025/" />
<meta property="og:locale" content="de_DE" />
<meta property="og:type" content="article" />
<meta property="og:title" content="GBAA &amp; UN-Standorte" />
<meta property="og:description" content="Die Gesellschaft Bosnischer Akademiker in Österreich/EU engagiert sich an UN-Standorten in New York, Genf und Wien. Mit Initiativen wie dem „Tag der zwischenstaatlichen nachbarschaftlichen Beziehungen“ fördern sie Güte, Verständnis und eine kulturelle Verbindung auf globaler Ebene." />
<meta property="og:url" content="https://www.bhakademiker.org/de/gbaa_un_2025/" />
<meta property="og:site_name" content="Gesellschaft Bosnischer Akademiker" />
<meta property="article:modified_time" content="2025-01-16T07:30:12+00:00" />
<meta property="og:image" content="https://www.bhakademiker.org/wp-content/uploads/2025/01/Screenshot-2025-01-16-081450.png" />
	<meta property="og:image:width" content="1161" />
	<meta property="og:image:height" content="645" />
	<meta property="og:image:type" content="image/png" />
<meta name="twitter:card" content="summary_large_image" />
<meta name="twitter:title" content="GBAA &amp; UN-Standorte" />
<meta name="twitter:image" content="https://www.bhakademiker.org/wp-content/uploads/2025/01/Screenshot-2025-01-16-081450-1.png" />
<meta name="twitter:label1" content="Geschätzte Lesezeit" />
	<meta name="twitter:data1" content="1 Minute" />
<script type="application/ld+json" class="yoast-schema-graph">{"@context":"https://schema.org","@graph":[{"@type":"WebPage","@id":"https://www.bhakademiker.org/gbaa_un_2025/","url":"https://www.bhakademiker.org/gbaa_un_2025/","name":"BADA/BADEU & UN-Standorte - Gesellschaft Bosnischer Akademiker","isPartOf":{"@id":"https://www.bhakademiker.org/bs/#website"},"datePublished":"2025-01-16T07:16:04+00:00","dateModified":"2025-01-16T07:30:12+00:00","description":"Die Gesellschaft Bosnischer Akademiker in Österreich/EU engagiert sich an UN-Standorten in New York, Genf und Wien. Mit Initiativen wie dem „Tag der zwischenstaatlichen nachbarschaftlichen Beziehungen“ fördern sie Güte, Verständnis und eine kulturelle Verbindung auf globaler Ebene.","breadcrumb":{"@id":"https://www.bhakademiker.org/gbaa_un_2025/#breadcrumb"},"inLanguage":"de","potentialAction":[{"@type":"ReadAction","target":["https://www.bhakademiker.org/gbaa_un_2025/"]}]},{"@type":"BreadcrumbList","@id":"https://www.bhakademiker.org/gbaa_un_2025/#breadcrumb","itemListElement":[{"@type":"ListItem","position":1,"name":"Home","item":"https://www.bhakademiker.org/"},{"@type":"ListItem","position":2,"name":"BADA/BADEU &#038; UN-Standorte"}]},{"@type":"WebSite","@id":"https://www.bhakademiker.org/bs/#website","url":"https://www.bhakademiker.org/bs/","name":"Gesellschaft Bosnischer Akademiker","description":"","publisher":{"@id":"https://www.bhakademiker.org/bs/#organization"},"potentialAction":[{"@type":"SearchAction","target":{"@type":"EntryPoint","urlTemplate":"https://www.bhakademiker.org/bs/?s={search_term_string}"},"query-input":"required name=search_term_string"}],"inLanguage":"de"},{"@type":"Organization","@id":"https://www.bhakademiker.org/bs/#organization","name":"Gesellschaft Bosnischer Akademiker in Österreich","url":"https://www.bhakademiker.org/bs/","logo":{"@type":"ImageObject","inLanguage":"de","@id":"https://www.bhakademiker.org/bs/#/schema/logo/image/","url":"https://www.bhakademiker.org/wp-content/uploads/2022/01/featured-GBAA.png","contentUrl":"https://www.bhakademiker.org/wp-content/uploads/2022/01/featured-GBAA.png","width":1200,"height":630,"caption":"Gesellschaft Bosnischer Akademiker in Österreich"},"image":{"@id":"https://www.bhakademiker.org/bs/#/schema/logo/image/"}}]}</script>
<!-- / Yoast SEO plugin. -->

Die Gesellschaft Bosnischer Akademiker in Österreich/EU engagiert sich an UN-Standorten in New York, Genf und Wien. Mit Initiativen wie dem „Tag der zwischenstaatlichen nachbarschaftlichen Beziehungen“ fördern sie Güte, Verständnis und eine kulturelle Verbindung auf globaler Ebene.

Gesellschaft Bosnischer Akademiker in Österreich
